{"id":9682,"date":"2025-03-13T16:28:40","date_gmt":"2025-03-13T16:28:40","guid":{"rendered":"https:\/\/polifactory.test.polimi.it\/?post_type=portfolio&#038;p=9682"},"modified":"2025-03-13T16:28:40","modified_gmt":"2025-03-13T16:28:40","slug":"samuele-fontana","status":"publish","type":"community","link":"https:\/\/polifactory.test.polimi.it\/en\/community\/samuele-fontana\/","title":{"rendered":"Samuele Fontana"},"content":{"rendered":"<p dir=\"ltr\">Classe 1998, nato in provincia di Milano. Nel 2016 dopo un lungo percorso da perito chimico decide di cambiare ambito iscrivendosi alla Scuola di Design del Politecnico di Milano. Dopo tre anni di progetti decide di affinare le proprie conoscenze frequentando il Corso di Laurea Magistrale in <a href=\"https:\/\/design-engineering.polimi.it\/\">Design &amp; Engineering.<\/a><\/p>\n<p dir=\"ltr\">\u00c8 sempre stato affascinato da come le persone interagiscono con gli oggetti ed \u00e8 convinto che ogni persona sia un universo a s\u00e9 stante, capace, nell&#8217;arco di una vita, di circondarsi di oggetti con cui crea relazioni ed esperienze uniche. Negli anni Samuele ha imparato a tradurre queste dinamiche in oggetti capaci di rispondere a determinate esigenze.<\/p>\n<p><b>Abstract<br \/>\n<\/b>La tesi verter\u00e0 sullo studio delle applicazioni della cellulosa batterica nell\u2019ambito del design industriale, in particolare verr\u00e0 presa in considerazione la creazione di microbiocellulosa che si ottiene dal processo di produzione della <em>kombucha<\/em> (una bevanda probiotica ottenuta tramite la fermentazione del t\u00e8 verde).<\/p>\n<p>Lo scopo sar\u00e0 quello definire vari scenari in cui la cellulosa batterica pu\u00f2 implementare o sostituire un materiale dannoso e dal maggiore impatto ambientale. La tesi avr\u00e0 come focus principale il materiale e seguir\u00e0 in maniera strutturale l\u2019approccio proposto nel <em>Material Driven Design. <\/em>Quindi si andr\u00e0 ad aggiungere conoscenza intorno a questo materiale attraverso: la letteratura scientifica, studi sull\u2019utente e la sperimentazione empirica in laboratorio.<\/p>\n","protected":false},"featured_media":9685,"template":"","categories":[102],"tags":[],"class_list":{"0":"post-9682","1":"community","2":"type-community","3":"status-publish","4":"has-post-thumbnail","6":"category-talents"},"acf":[],"yoast_head":"<!-- This site is optimized with the Yoast SEO plugin v27.4 - https:\/\/yoast.com\/product\/yoast-seo-wordpress\/ -->\n<title>Samuele Fontana - Polifactory<\/title>\n<meta name=\"description\" content=\"Classe 1998, nato in provincia di Milano. Nel 2016 dopo un lungo percorso da perito chimico decide di cambiare ambito iscrivendosi alla Scuola di Design del Politecnico di Milano. Dopo tre anni di progetti decide di affinare le proprie conoscenze frequentando il Corso di Laurea Magistrale in Design &amp; Engineering.\" \/>\n<meta name=\"robots\" content=\"index, follow, max-snippet:-1, max-image-preview:large, max-video-preview:-1\" \/>\n<link rel=\"canonical\" href=\"https:\/\/polifactory.test.polimi.it\/community\/samuele-fontana\/\" \/>\n<meta property=\"og:locale\" content=\"en_US\" \/>\n<meta property=\"og:type\" content=\"article\" \/>\n<meta property=\"og:title\" content=\"Samuele Fontana - Polifactory\" \/>\n<meta property=\"og:description\" content=\"Classe 1998, nato in provincia di Milano. Nel 2016 dopo un lungo percorso da perito chimico decide di cambiare ambito iscrivendosi alla Scuola di Design del Politecnico di Milano. Dopo tre anni di progetti decide di affinare le proprie conoscenze frequentando il Corso di Laurea Magistrale in Design &amp; Engineering.\" \/>\n<meta property=\"og:url\" content=\"https:\/\/polifactory.test.polimi.it\/community\/samuele-fontana\/\" \/>\n<meta property=\"og:site_name\" content=\"Polifactory\" \/>\n<meta property=\"article:publisher\" content=\"https:\/\/www.facebook.com\/polifactory\" \/>\n<meta property=\"og:image\" content=\"https:\/\/polifactory.test.polimi.it\/wp-content\/uploads\/2022\/09\/ssf_foto-web-min.png\" \/>\n\t<meta property=\"og:image:width\" content=\"1000\" \/>\n\t<meta property=\"og:image:height\" content=\"1000\" \/>\n\t<meta property=\"og:image:type\" content=\"image\/png\" \/>\n<meta name=\"twitter:card\" content=\"summary_large_image\" \/>\n<meta name=\"twitter:label1\" content=\"Est. reading time\" \/>\n\t<meta name=\"twitter:data1\" content=\"2 minutes\" \/>\n<script type=\"application\/ld+json\" class=\"yoast-schema-graph\">{\"@context\":\"https:\\\/\\\/schema.org\",\"@graph\":[{\"@type\":\"WebPage\",\"@id\":\"https:\\\/\\\/polifactory.test.polimi.it\\\/community\\\/samuele-fontana\\\/\",\"url\":\"https:\\\/\\\/polifactory.test.polimi.it\\\/community\\\/samuele-fontana\\\/\",\"name\":\"Samuele Fontana - Polifactory\",\"isPartOf\":{\"@id\":\"https:\\\/\\\/polifactory.test.polimi.it\\\/#website\"},\"primaryImageOfPage\":{\"@id\":\"https:\\\/\\\/polifactory.test.polimi.it\\\/community\\\/samuele-fontana\\\/#primaryimage\"},\"image\":{\"@id\":\"https:\\\/\\\/polifactory.test.polimi.it\\\/community\\\/samuele-fontana\\\/#primaryimage\"},\"thumbnailUrl\":\"https:\\\/\\\/polifactory.test.polimi.it\\\/wp-content\\\/uploads\\\/2022\\\/09\\\/ssf_foto-web-min.png\",\"datePublished\":\"2025-03-13T16:28:40+00:00\",\"description\":\"Classe 1998, nato in provincia di Milano. Nel 2016 dopo un lungo percorso da perito chimico decide di cambiare ambito iscrivendosi alla Scuola di Design del Politecnico di Milano. Dopo tre anni di progetti decide di affinare le proprie conoscenze frequentando il Corso di Laurea Magistrale in Design & Engineering.\",\"inLanguage\":\"en-US\",\"potentialAction\":[{\"@type\":\"ReadAction\",\"target\":[\"https:\\\/\\\/polifactory.test.polimi.it\\\/community\\\/samuele-fontana\\\/\"]}]},{\"@type\":\"ImageObject\",\"inLanguage\":\"en-US\",\"@id\":\"https:\\\/\\\/polifactory.test.polimi.it\\\/community\\\/samuele-fontana\\\/#primaryimage\",\"url\":\"https:\\\/\\\/polifactory.test.polimi.it\\\/wp-content\\\/uploads\\\/2022\\\/09\\\/ssf_foto-web-min.png\",\"contentUrl\":\"https:\\\/\\\/polifactory.test.polimi.it\\\/wp-content\\\/uploads\\\/2022\\\/09\\\/ssf_foto-web-min.png\",\"width\":1000,\"height\":1000},{\"@type\":\"WebSite\",\"@id\":\"https:\\\/\\\/polifactory.test.polimi.it\\\/#website\",\"url\":\"https:\\\/\\\/polifactory.test.polimi.it\\\/\",\"name\":\"Polifactory\",\"description\":\"Il makerspace-fablab del Politecnico di Milano\",\"publisher\":{\"@id\":\"https:\\\/\\\/polifactory.test.polimi.it\\\/#organization\"},\"potentialAction\":[{\"@type\":\"SearchAction\",\"target\":{\"@type\":\"EntryPoint\",\"urlTemplate\":\"https:\\\/\\\/polifactory.test.polimi.it\\\/?s={search_term_string}\"},\"query-input\":{\"@type\":\"PropertyValueSpecification\",\"valueRequired\":true,\"valueName\":\"search_term_string\"}}],\"inLanguage\":\"en-US\"},{\"@type\":\"Organization\",\"@id\":\"https:\\\/\\\/polifactory.test.polimi.it\\\/#organization\",\"name\":\"Polifactory\",\"url\":\"https:\\\/\\\/polifactory.test.polimi.it\\\/\",\"logo\":{\"@type\":\"ImageObject\",\"inLanguage\":\"en-US\",\"@id\":\"https:\\\/\\\/polifactory.test.polimi.it\\\/#\\\/schema\\\/logo\\\/image\\\/\",\"url\":\"https:\\\/\\\/polifactory.test.polimi.it\\\/wp-content\\\/uploads\\\/2025\\\/02\\\/Logo_Black_White.png\",\"contentUrl\":\"https:\\\/\\\/polifactory.test.polimi.it\\\/wp-content\\\/uploads\\\/2025\\\/02\\\/Logo_Black_White.png\",\"width\":600,\"height\":600,\"caption\":\"Polifactory\"},\"image\":{\"@id\":\"https:\\\/\\\/polifactory.test.polimi.it\\\/#\\\/schema\\\/logo\\\/image\\\/\"},\"sameAs\":[\"https:\\\/\\\/www.facebook.com\\\/polifactory\",\"https:\\\/\\\/www.linkedin.com\\\/company\\\/polifactory-polimi\\\/\",\"https:\\\/\\\/www.instagram.com\\\/polifactorypolimi\\\/\"]}]}<\/script>\n<!-- \/ Yoast SEO plugin. -->","yoast_head_json":{"title":"Samuele Fontana - Polifactory","description":"Classe 1998, nato in provincia di Milano. Nel 2016 dopo un lungo percorso da perito chimico decide di cambiare ambito iscrivendosi alla Scuola di Design del Politecnico di Milano. Dopo tre anni di progetti decide di affinare le proprie conoscenze frequentando il Corso di Laurea Magistrale in Design & Engineering.","robots":{"index":"index","follow":"follow","max-snippet":"max-snippet:-1","max-image-preview":"max-image-preview:large","max-video-preview":"max-video-preview:-1"},"canonical":"https:\/\/polifactory.test.polimi.it\/community\/samuele-fontana\/","og_locale":"en_US","og_type":"article","og_title":"Samuele Fontana - Polifactory","og_description":"Classe 1998, nato in provincia di Milano. Nel 2016 dopo un lungo percorso da perito chimico decide di cambiare ambito iscrivendosi alla Scuola di Design del Politecnico di Milano. Dopo tre anni di progetti decide di affinare le proprie conoscenze frequentando il Corso di Laurea Magistrale in Design & Engineering.","og_url":"https:\/\/polifactory.test.polimi.it\/community\/samuele-fontana\/","og_site_name":"Polifactory","article_publisher":"https:\/\/www.facebook.com\/polifactory","og_image":[{"width":1000,"height":1000,"url":"https:\/\/polifactory.test.polimi.it\/wp-content\/uploads\/2022\/09\/ssf_foto-web-min.png","type":"image\/png"}],"twitter_card":"summary_large_image","twitter_misc":{"Est. reading time":"2 minutes"},"schema":{"@context":"https:\/\/schema.org","@graph":[{"@type":"WebPage","@id":"https:\/\/polifactory.test.polimi.it\/community\/samuele-fontana\/","url":"https:\/\/polifactory.test.polimi.it\/community\/samuele-fontana\/","name":"Samuele Fontana - Polifactory","isPartOf":{"@id":"https:\/\/polifactory.test.polimi.it\/#website"},"primaryImageOfPage":{"@id":"https:\/\/polifactory.test.polimi.it\/community\/samuele-fontana\/#primaryimage"},"image":{"@id":"https:\/\/polifactory.test.polimi.it\/community\/samuele-fontana\/#primaryimage"},"thumbnailUrl":"https:\/\/polifactory.test.polimi.it\/wp-content\/uploads\/2022\/09\/ssf_foto-web-min.png","datePublished":"2025-03-13T16:28:40+00:00","description":"Classe 1998, nato in provincia di Milano. Nel 2016 dopo un lungo percorso da perito chimico decide di cambiare ambito iscrivendosi alla Scuola di Design del Politecnico di Milano. Dopo tre anni di progetti decide di affinare le proprie conoscenze frequentando il Corso di Laurea Magistrale in Design & Engineering.","inLanguage":"en-US","potentialAction":[{"@type":"ReadAction","target":["https:\/\/polifactory.test.polimi.it\/community\/samuele-fontana\/"]}]},{"@type":"ImageObject","inLanguage":"en-US","@id":"https:\/\/polifactory.test.polimi.it\/community\/samuele-fontana\/#primaryimage","url":"https:\/\/polifactory.test.polimi.it\/wp-content\/uploads\/2022\/09\/ssf_foto-web-min.png","contentUrl":"https:\/\/polifactory.test.polimi.it\/wp-content\/uploads\/2022\/09\/ssf_foto-web-min.png","width":1000,"height":1000},{"@type":"WebSite","@id":"https:\/\/polifactory.test.polimi.it\/#website","url":"https:\/\/polifactory.test.polimi.it\/","name":"Polifactory","description":"Il makerspace-fablab del Politecnico di Milano","publisher":{"@id":"https:\/\/polifactory.test.polimi.it\/#organization"},"potentialAction":[{"@type":"SearchAction","target":{"@type":"EntryPoint","urlTemplate":"https:\/\/polifactory.test.polimi.it\/?s={search_term_string}"},"query-input":{"@type":"PropertyValueSpecification","valueRequired":true,"valueName":"search_term_string"}}],"inLanguage":"en-US"},{"@type":"Organization","@id":"https:\/\/polifactory.test.polimi.it\/#organization","name":"Polifactory","url":"https:\/\/polifactory.test.polimi.it\/","logo":{"@type":"ImageObject","inLanguage":"en-US","@id":"https:\/\/polifactory.test.polimi.it\/#\/schema\/logo\/image\/","url":"https:\/\/polifactory.test.polimi.it\/wp-content\/uploads\/2025\/02\/Logo_Black_White.png","contentUrl":"https:\/\/polifactory.test.polimi.it\/wp-content\/uploads\/2025\/02\/Logo_Black_White.png","width":600,"height":600,"caption":"Polifactory"},"image":{"@id":"https:\/\/polifactory.test.polimi.it\/#\/schema\/logo\/image\/"},"sameAs":["https:\/\/www.facebook.com\/polifactory","https:\/\/www.linkedin.com\/company\/polifactory-polimi\/","https:\/\/www.instagram.com\/polifactorypolimi\/"]}]}},"_links":{"self":[{"href":"https:\/\/polifactory.test.polimi.it\/en\/wp-json\/wp\/v2\/community\/9682","targetHints":{"allow":["GET"]}}],"collection":[{"href":"https:\/\/polifactory.test.polimi.it\/en\/wp-json\/wp\/v2\/community"}],"about":[{"href":"https:\/\/polifactory.test.polimi.it\/en\/wp-json\/wp\/v2\/types\/community"}],"wp:featuredmedia":[{"embeddable":true,"href":"https:\/\/polifactory.test.polimi.it\/en\/wp-json\/wp\/v2\/media\/9685"}],"wp:attachment":[{"href":"https:\/\/polifactory.test.polimi.it\/en\/wp-json\/wp\/v2\/media?parent=9682"}],"wp:term":[{"taxonomy":"category","embeddable":true,"href":"https:\/\/polifactory.test.polimi.it\/en\/wp-json\/wp\/v2\/categories?post=9682"},{"taxonomy":"post_tag","embeddable":true,"href":"https:\/\/polifactory.test.polimi.it\/en\/wp-json\/wp\/v2\/tags?post=9682"}],"curies":[{"name":"wp","href":"https:\/\/api.w.org\/{rel}","templated":true}]}}

<p dir="ltr">Classe 1998, nato in provincia di Milano. Nel 2016 dopo un lungo percorso da perito chimico decide di cambiare ambito iscrivendosi alla Scuola di Design del Politecnico di Milano. Dopo tre anni di progetti decide di affinare le proprie conoscenze frequentando il Corso di Laurea Magistrale in <a href="https://design-engineering.polimi.it/">Design &amp; Engineering.</a></p>
<p dir="ltr">È sempre stato affascinato da come le persone interagiscono con gli oggetti ed è convinto che ogni persona sia un universo a sé stante, capace, nell&#8217;arco di una vita, di circondarsi di oggetti con cui crea relazioni ed esperienze uniche. Negli anni Samuele ha imparato a tradurre queste dinamiche in oggetti capaci di rispondere a determinate esigenze.</p>
<p><b>Abstract<br />
</b>La tesi verterà sullo studio delle applicazioni della cellulosa batterica nell’ambito del design industriale, in particolare verrà presa in considerazione la creazione di microbiocellulosa che si ottiene dal processo di produzione della <em>kombucha</em> (una bevanda probiotica ottenuta tramite la fermentazione del tè verde).</p>
<p>Lo scopo sarà quello definire vari scenari in cui la cellulosa batterica può implementare o sostituire un materiale dannoso e dal maggiore impatto ambientale. La tesi avrà come focus principale il materiale e seguirà in maniera strutturale l’approccio proposto nel <em>Material Driven Design. </em>Quindi si andrà ad aggiungere conoscenza intorno a questo materiale attraverso: la letteratura scientifica, studi sull’utente e la sperimentazione empirica in laboratorio.</p>
