{"id":9110,"date":"2025-03-13T16:28:40","date_gmt":"2025-03-13T16:28:40","guid":{"rendered":"https:\/\/polifactory.test.polimi.it\/?post_type=portfolio&#038;p=9110"},"modified":"2025-03-13T16:28:40","modified_gmt":"2025-03-13T16:28:40","slug":"arianna-regaglia","status":"publish","type":"community","link":"https:\/\/polifactory.test.polimi.it\/en\/community\/arianna-regaglia\/","title":{"rendered":"Arianna Regaglia"},"content":{"rendered":"<p>Nasce nel 1997 nella provincia pavese. Nel 2016 dopo aver completato gli studi scientifici si iscrive al Politecnico di Milano. Consegue la laurea triennale in Design della Moda esponendo il progetto di tesi alla 29a edizione di Milano Unica, successivamente intraprende il Corso di Laurea Magistrale in Design for the Fashion System.<\/p>\n<p><strong>Abstract<\/strong><br \/>\nL\u2019industria del fashion \u00e8 una delle realt\u00e0 pi\u00f9 inquinanti al mondo, si stima che l\u2019abbigliamento da solo sia responsabile del 2-10% dell\u2019impatto ambientale europeo. La crescente consapevolezza legata a questi temi ha fatto della sostenibilit\u00e0 un punto cardine per il futuro del campo tessile, si ricercano sempre pi\u00f9 spesso alternative a basso impatto ambientale a livello di tessuti, produzione, utilizzo dell\u2019acqua e di nuove materie prime.<br \/>\nQuesta tesi vuole indagare le potenzialit\u00e0 della cellulosa batterica come materia prima sostenibile inserita in una logica di produzione zero waste, affrontando tematiche che spaziano dalla sostituzione di tessuti e trattamenti tradizionali, all\u2019integrazione di materiali di scarto e componenti accessorie, alla rimozione di cuciture, arrivando alla creazione di forme e strutture non realizzabili all\u2019interno dei classici sistemi di produzione senza scarti. L\u2019output finale della ricerca \u00e8 una collezione moda orientata alla sostenibilit\u00e0, volta a mettere in luce e sfruttare le potenzialit\u00e0 di questo materiale biofabbricato ancora poco utilizzato nel fashion design.<\/p>\n","protected":false},"featured_media":9113,"template":"","categories":[102],"tags":[],"class_list":{"0":"post-9110","1":"community","2":"type-community","3":"status-publish","4":"has-post-thumbnail","6":"category-talents"},"acf":[],"yoast_head":"<!-- This site is optimized with the Yoast SEO plugin v27.4 - https:\/\/yoast.com\/product\/yoast-seo-wordpress\/ -->\n<title>Arianna Regaglia - Polifactory<\/title>\n<meta name=\"robots\" content=\"index, follow, max-snippet:-1, max-image-preview:large, max-video-preview:-1\" \/>\n<link rel=\"canonical\" href=\"https:\/\/polifactory.test.polimi.it\/community\/arianna-regaglia\/\" \/>\n<meta property=\"og:locale\" content=\"en_US\" \/>\n<meta property=\"og:type\" content=\"article\" \/>\n<meta property=\"og:title\" content=\"Arianna Regaglia - Polifactory\" \/>\n<meta property=\"og:description\" content=\"Nasce nel 1997 nella provincia pavese. Nel 2016 dopo aver completato gli studi scientifici si iscrive al Politecnico di Milano. Consegue la laurea triennale in Design della Moda esponendo il...\" \/>\n<meta property=\"og:url\" content=\"https:\/\/polifactory.test.polimi.it\/community\/arianna-regaglia\/\" \/>\n<meta property=\"og:site_name\" content=\"Polifactory\" \/>\n<meta property=\"article:publisher\" content=\"https:\/\/www.facebook.com\/polifactory\" \/>\n<meta property=\"og:image\" content=\"https:\/\/polifactory.test.polimi.it\/wp-content\/uploads\/2021\/08\/AriannaRegaglia-bw.quadrata-min-1024x1024.png\" \/>\n\t<meta property=\"og:image:width\" content=\"1024\" \/>\n\t<meta property=\"og:image:height\" content=\"1024\" \/>\n\t<meta property=\"og:image:type\" content=\"image\/png\" \/>\n<meta name=\"twitter:card\" content=\"summary_large_image\" \/>\n<meta name=\"twitter:label1\" content=\"Est. reading time\" \/>\n\t<meta name=\"twitter:data1\" content=\"1 minute\" \/>\n<script type=\"application\/ld+json\" class=\"yoast-schema-graph\">{\"@context\":\"https:\\\/\\\/schema.org\",\"@graph\":[{\"@type\":\"WebPage\",\"@id\":\"https:\\\/\\\/polifactory.test.polimi.it\\\/community\\\/arianna-regaglia\\\/\",\"url\":\"https:\\\/\\\/polifactory.test.polimi.it\\\/community\\\/arianna-regaglia\\\/\",\"name\":\"Arianna Regaglia - Polifactory\",\"isPartOf\":{\"@id\":\"https:\\\/\\\/polifactory.test.polimi.it\\\/#website\"},\"primaryImageOfPage\":{\"@id\":\"https:\\\/\\\/polifactory.test.polimi.it\\\/community\\\/arianna-regaglia\\\/#primaryimage\"},\"image\":{\"@id\":\"https:\\\/\\\/polifactory.test.polimi.it\\\/community\\\/arianna-regaglia\\\/#primaryimage\"},\"thumbnailUrl\":\"https:\\\/\\\/polifactory.test.polimi.it\\\/wp-content\\\/uploads\\\/2021\\\/08\\\/AriannaRegaglia-bw.quadrata-min.png\",\"datePublished\":\"2025-03-13T16:28:40+00:00\",\"inLanguage\":\"en-US\",\"potentialAction\":[{\"@type\":\"ReadAction\",\"target\":[\"https:\\\/\\\/polifactory.test.polimi.it\\\/community\\\/arianna-regaglia\\\/\"]}]},{\"@type\":\"ImageObject\",\"inLanguage\":\"en-US\",\"@id\":\"https:\\\/\\\/polifactory.test.polimi.it\\\/community\\\/arianna-regaglia\\\/#primaryimage\",\"url\":\"https:\\\/\\\/polifactory.test.polimi.it\\\/wp-content\\\/uploads\\\/2021\\\/08\\\/AriannaRegaglia-bw.quadrata-min.png\",\"contentUrl\":\"https:\\\/\\\/polifactory.test.polimi.it\\\/wp-content\\\/uploads\\\/2021\\\/08\\\/AriannaRegaglia-bw.quadrata-min.png\",\"width\":4000,\"height\":4000},{\"@type\":\"WebSite\",\"@id\":\"https:\\\/\\\/polifactory.test.polimi.it\\\/#website\",\"url\":\"https:\\\/\\\/polifactory.test.polimi.it\\\/\",\"name\":\"Polifactory\",\"description\":\"Il makerspace-fablab del Politecnico di Milano\",\"publisher\":{\"@id\":\"https:\\\/\\\/polifactory.test.polimi.it\\\/#organization\"},\"potentialAction\":[{\"@type\":\"SearchAction\",\"target\":{\"@type\":\"EntryPoint\",\"urlTemplate\":\"https:\\\/\\\/polifactory.test.polimi.it\\\/?s={search_term_string}\"},\"query-input\":{\"@type\":\"PropertyValueSpecification\",\"valueRequired\":true,\"valueName\":\"search_term_string\"}}],\"inLanguage\":\"en-US\"},{\"@type\":\"Organization\",\"@id\":\"https:\\\/\\\/polifactory.test.polimi.it\\\/#organization\",\"name\":\"Polifactory\",\"url\":\"https:\\\/\\\/polifactory.test.polimi.it\\\/\",\"logo\":{\"@type\":\"ImageObject\",\"inLanguage\":\"en-US\",\"@id\":\"https:\\\/\\\/polifactory.test.polimi.it\\\/#\\\/schema\\\/logo\\\/image\\\/\",\"url\":\"https:\\\/\\\/polifactory.test.polimi.it\\\/wp-content\\\/uploads\\\/2025\\\/02\\\/Logo_Black_White.png\",\"contentUrl\":\"https:\\\/\\\/polifactory.test.polimi.it\\\/wp-content\\\/uploads\\\/2025\\\/02\\\/Logo_Black_White.png\",\"width\":600,\"height\":600,\"caption\":\"Polifactory\"},\"image\":{\"@id\":\"https:\\\/\\\/polifactory.test.polimi.it\\\/#\\\/schema\\\/logo\\\/image\\\/\"},\"sameAs\":[\"https:\\\/\\\/www.facebook.com\\\/polifactory\",\"https:\\\/\\\/www.linkedin.com\\\/company\\\/polifactory-polimi\\\/\",\"https:\\\/\\\/www.instagram.com\\\/polifactorypolimi\\\/\"]}]}<\/script>\n<!-- \/ Yoast SEO plugin. -->","yoast_head_json":{"title":"Arianna Regaglia - Polifactory","robots":{"index":"index","follow":"follow","max-snippet":"max-snippet:-1","max-image-preview":"max-image-preview:large","max-video-preview":"max-video-preview:-1"},"canonical":"https:\/\/polifactory.test.polimi.it\/community\/arianna-regaglia\/","og_locale":"en_US","og_type":"article","og_title":"Arianna Regaglia - Polifactory","og_description":"Nasce nel 1997 nella provincia pavese. Nel 2016 dopo aver completato gli studi scientifici si iscrive al Politecnico di Milano. Consegue la laurea triennale in Design della Moda esponendo il...","og_url":"https:\/\/polifactory.test.polimi.it\/community\/arianna-regaglia\/","og_site_name":"Polifactory","article_publisher":"https:\/\/www.facebook.com\/polifactory","og_image":[{"width":1024,"height":1024,"url":"https:\/\/polifactory.test.polimi.it\/wp-content\/uploads\/2021\/08\/AriannaRegaglia-bw.quadrata-min-1024x1024.png","type":"image\/png"}],"twitter_card":"summary_large_image","twitter_misc":{"Est. reading time":"1 minute"},"schema":{"@context":"https:\/\/schema.org","@graph":[{"@type":"WebPage","@id":"https:\/\/polifactory.test.polimi.it\/community\/arianna-regaglia\/","url":"https:\/\/polifactory.test.polimi.it\/community\/arianna-regaglia\/","name":"Arianna Regaglia - Polifactory","isPartOf":{"@id":"https:\/\/polifactory.test.polimi.it\/#website"},"primaryImageOfPage":{"@id":"https:\/\/polifactory.test.polimi.it\/community\/arianna-regaglia\/#primaryimage"},"image":{"@id":"https:\/\/polifactory.test.polimi.it\/community\/arianna-regaglia\/#primaryimage"},"thumbnailUrl":"https:\/\/polifactory.test.polimi.it\/wp-content\/uploads\/2021\/08\/AriannaRegaglia-bw.quadrata-min.png","datePublished":"2025-03-13T16:28:40+00:00","inLanguage":"en-US","potentialAction":[{"@type":"ReadAction","target":["https:\/\/polifactory.test.polimi.it\/community\/arianna-regaglia\/"]}]},{"@type":"ImageObject","inLanguage":"en-US","@id":"https:\/\/polifactory.test.polimi.it\/community\/arianna-regaglia\/#primaryimage","url":"https:\/\/polifactory.test.polimi.it\/wp-content\/uploads\/2021\/08\/AriannaRegaglia-bw.quadrata-min.png","contentUrl":"https:\/\/polifactory.test.polimi.it\/wp-content\/uploads\/2021\/08\/AriannaRegaglia-bw.quadrata-min.png","width":4000,"height":4000},{"@type":"WebSite","@id":"https:\/\/polifactory.test.polimi.it\/#website","url":"https:\/\/polifactory.test.polimi.it\/","name":"Polifactory","description":"Il makerspace-fablab del Politecnico di Milano","publisher":{"@id":"https:\/\/polifactory.test.polimi.it\/#organization"},"potentialAction":[{"@type":"SearchAction","target":{"@type":"EntryPoint","urlTemplate":"https:\/\/polifactory.test.polimi.it\/?s={search_term_string}"},"query-input":{"@type":"PropertyValueSpecification","valueRequired":true,"valueName":"search_term_string"}}],"inLanguage":"en-US"},{"@type":"Organization","@id":"https:\/\/polifactory.test.polimi.it\/#organization","name":"Polifactory","url":"https:\/\/polifactory.test.polimi.it\/","logo":{"@type":"ImageObject","inLanguage":"en-US","@id":"https:\/\/polifactory.test.polimi.it\/#\/schema\/logo\/image\/","url":"https:\/\/polifactory.test.polimi.it\/wp-content\/uploads\/2025\/02\/Logo_Black_White.png","contentUrl":"https:\/\/polifactory.test.polimi.it\/wp-content\/uploads\/2025\/02\/Logo_Black_White.png","width":600,"height":600,"caption":"Polifactory"},"image":{"@id":"https:\/\/polifactory.test.polimi.it\/#\/schema\/logo\/image\/"},"sameAs":["https:\/\/www.facebook.com\/polifactory","https:\/\/www.linkedin.com\/company\/polifactory-polimi\/","https:\/\/www.instagram.com\/polifactorypolimi\/"]}]}},"_links":{"self":[{"href":"https:\/\/polifactory.test.polimi.it\/en\/wp-json\/wp\/v2\/community\/9110","targetHints":{"allow":["GET"]}}],"collection":[{"href":"https:\/\/polifactory.test.polimi.it\/en\/wp-json\/wp\/v2\/community"}],"about":[{"href":"https:\/\/polifactory.test.polimi.it\/en\/wp-json\/wp\/v2\/types\/community"}],"wp:featuredmedia":[{"embeddable":true,"href":"https:\/\/polifactory.test.polimi.it\/en\/wp-json\/wp\/v2\/media\/9113"}],"wp:attachment":[{"href":"https:\/\/polifactory.test.polimi.it\/en\/wp-json\/wp\/v2\/media?parent=9110"}],"wp:term":[{"taxonomy":"category","embeddable":true,"href":"https:\/\/polifactory.test.polimi.it\/en\/wp-json\/wp\/v2\/categories?post=9110"},{"taxonomy":"post_tag","embeddable":true,"href":"https:\/\/polifactory.test.polimi.it\/en\/wp-json\/wp\/v2\/tags?post=9110"}],"curies":[{"name":"wp","href":"https:\/\/api.w.org\/{rel}","templated":true}]}}

<p>Nasce nel 1997 nella provincia pavese. Nel 2016 dopo aver completato gli studi scientifici si iscrive al Politecnico di Milano. Consegue la laurea triennale in Design della Moda esponendo il progetto di tesi alla 29a edizione di Milano Unica, successivamente intraprende il Corso di Laurea Magistrale in Design for the Fashion System.</p>
<p><strong>Abstract</strong><br />
L’industria del fashion è una delle realtà più inquinanti al mondo, si stima che l’abbigliamento da solo sia responsabile del 2-10% dell’impatto ambientale europeo. La crescente consapevolezza legata a questi temi ha fatto della sostenibilità un punto cardine per il futuro del campo tessile, si ricercano sempre più spesso alternative a basso impatto ambientale a livello di tessuti, produzione, utilizzo dell’acqua e di nuove materie prime.<br />
Questa tesi vuole indagare le potenzialità della cellulosa batterica come materia prima sostenibile inserita in una logica di produzione zero waste, affrontando tematiche che spaziano dalla sostituzione di tessuti e trattamenti tradizionali, all’integrazione di materiali di scarto e componenti accessorie, alla rimozione di cuciture, arrivando alla creazione di forme e strutture non realizzabili all’interno dei classici sistemi di produzione senza scarti. L’output finale della ricerca è una collezione moda orientata alla sostenibilità, volta a mettere in luce e sfruttare le potenzialità di questo materiale biofabbricato ancora poco utilizzato nel fashion design.</p>
