{"id":7711,"date":"2020-01-18T15:02:11","date_gmt":"2020-01-18T15:02:11","guid":{"rendered":"https:\/\/polifactory.test.polimi.it\/?post_type=portfolio&#038;p=7711"},"modified":"2025-03-13T16:22:24","modified_gmt":"2025-03-13T16:22:24","slug":"davide-susca","status":"publish","type":"community","link":"https:\/\/polifactory.test.polimi.it\/en\/community\/davide-susca\/","title":{"rendered":"Davide Susca"},"content":{"rendered":"<p><span style=\"font-weight: 400;\">Nato a Verona nel 1995, intraprende a Bologna nel 2014 l\u2019allora nuovo corso di studi in Design del Prodotto Industriale. Si iscrive successivamente al Politecnico di Milano al corso Integrated Product Design, spinto dalla voglia di arricchire il suo percorso di studi e le sue conoscenze nel campo della progettazione. Da sempre incuriosito dal rapporto tra forma e funzione e da come un\u2019idea si articoli per diventare un progetto finito. Durante il percorso magistrale al Politecnico si avvicina a tematiche progettuali differenti, e decide di sviluppare una tesi che studi il rapporto tra design e autismo nell\u2019et\u00e0 adulta.<\/span><\/p>\n<p><strong>Abstract:<\/strong><\/p>\n<div><span style=\"font-weight: 400;\">All&#8217;uno per cento della popolazione mondiale viene diagnosticato un disturbo dello spettro autistico (ASD). Negli ultimi decenni, il numero di persone autistiche sembra essere in continuo aumento, anche grazie alla maggiore consapevolezza e alle migliori tecnologie e tecniche mediche sviluppate per identificarlo. In Italia si stima, secondo recenti studi, che un bambino su 88 sia affetto da ASD, per un totale di oltre 500.000 persone. Le persone dello spettro autistico presentano un&#8217;ampia gamma di sintomi, che coinvolgono principalmente la sfera sociale e relazionale a causa delle difficolt\u00e0 di interazione, comprensione delle situazioni sociali, empatia e comunicazione verbale e non verbale. Attraverso questa tesi, mi propongo di approfondire la conoscenza di come le persone autistiche percepiscono e interagiscono con il mondo esterno e con le persone che le circondano, e di come questa condizione possa influire sulla vita quotidiana delle persone che crescono. L\u2019attenzione in questa tesi sar\u00e0 focalizzata sugli adulti affetti da ASD, essendo un territorio per lo pi\u00f9 sconosciuto e meno indagato dalla ricerca scientifica. L&#8217;autismo in et\u00e0 adulta ha un forte impatto sia sull&#8217;individuo, che si sta muovendo verso una fase in cui le aspettative sono pi\u00f9 alte e l&#8217;indipendenza \u00e8 fondamentale, sia sulla famiglia, che in genere diventa meno presente nella vita della persona. Una domanda importante che di solito viene posta e temuta dalla famiglia di una persona con disabilit\u00e0, compreso l&#8217;autismo, \u00e8 come la persona sar\u00e0 in grado di vivere da sola, in modo indipendente e con successo. Prodotti progettati con consapevolezza e caratteristiche specifiche possono giocare un ruolo essenziale nel migliorare e facilitare la qualit\u00e0 della vita delle persone con bisogni speciali. Molte sono le soluzioni sviluppate per i bambini dello spettro, che variano dai giocattoli per migliorare la percezione ai prodotti terapeutici che coinvolgono luci e suoni. Ma \u00e8 come se l&#8217;autismo venisse dimenticato una volta che la persona invecchia. Essendo una condizione che dura tutta la vita, l&#8217;autismo non si ferma dopo il raggiungimento della maggiore et\u00e0, e tenerne conto per sviluppare soluzioni che migliorino anche i piccoli aspetti della vita quotidiana \u00e8 essenziale. <\/span><\/div>\n","protected":false},"featured_media":7713,"template":"","categories":[102],"tags":[],"class_list":{"0":"post-7711","1":"community","2":"type-community","3":"status-publish","4":"has-post-thumbnail","6":"category-talents"},"acf":[],"yoast_head":"<!-- This site is optimized with the Yoast SEO plugin v27.4 - https:\/\/yoast.com\/product\/yoast-seo-wordpress\/ -->\n<title>Davide Susca - Polifactory<\/title>\n<meta name=\"robots\" content=\"index, follow, max-snippet:-1, max-image-preview:large, max-video-preview:-1\" \/>\n<link rel=\"canonical\" href=\"https:\/\/polifactory.test.polimi.it\/community\/davide-susca\/\" \/>\n<meta property=\"og:locale\" content=\"en_US\" \/>\n<meta property=\"og:type\" content=\"article\" \/>\n<meta property=\"og:title\" content=\"Davide Susca - Polifactory\" \/>\n<meta property=\"og:description\" content=\"Nato a Verona nel 1995, intraprende a Bologna nel 2014 l\u2019allora nuovo corso di studi in Design del Prodotto Industriale. Si iscrive successivamente al Politecnico di Milano al corso Integrated...\" \/>\n<meta property=\"og:url\" content=\"https:\/\/polifactory.test.polimi.it\/community\/davide-susca\/\" \/>\n<meta property=\"og:site_name\" content=\"Polifactory\" \/>\n<meta property=\"article:publisher\" content=\"https:\/\/www.facebook.com\/polifactory\" \/>\n<meta property=\"article:modified_time\" content=\"2025-03-13T16:22:24+00:00\" \/>\n<meta property=\"og:image\" content=\"https:\/\/polifactory.test.polimi.it\/wp-content\/uploads\/2020\/01\/Davide_Susca-1024x1024.png\" \/>\n\t<meta property=\"og:image:width\" content=\"1024\" \/>\n\t<meta property=\"og:image:height\" content=\"1024\" \/>\n\t<meta property=\"og:image:type\" content=\"image\/png\" \/>\n<meta name=\"twitter:card\" content=\"summary_large_image\" \/>\n<meta name=\"twitter:label1\" content=\"Est. reading time\" \/>\n\t<meta name=\"twitter:data1\" content=\"2 minutes\" \/>\n<script type=\"application\/ld+json\" class=\"yoast-schema-graph\">{\"@context\":\"https:\\\/\\\/schema.org\",\"@graph\":[{\"@type\":\"WebPage\",\"@id\":\"https:\\\/\\\/polifactory.test.polimi.it\\\/community\\\/davide-susca\\\/\",\"url\":\"https:\\\/\\\/polifactory.test.polimi.it\\\/community\\\/davide-susca\\\/\",\"name\":\"Davide Susca - Polifactory\",\"isPartOf\":{\"@id\":\"https:\\\/\\\/polifactory.test.polimi.it\\\/#website\"},\"primaryImageOfPage\":{\"@id\":\"https:\\\/\\\/polifactory.test.polimi.it\\\/community\\\/davide-susca\\\/#primaryimage\"},\"image\":{\"@id\":\"https:\\\/\\\/polifactory.test.polimi.it\\\/community\\\/davide-susca\\\/#primaryimage\"},\"thumbnailUrl\":\"https:\\\/\\\/polifactory.test.polimi.it\\\/wp-content\\\/uploads\\\/2020\\\/01\\\/Davide_Susca.png\",\"datePublished\":\"2020-01-18T15:02:11+00:00\",\"dateModified\":\"2025-03-13T16:22:24+00:00\",\"inLanguage\":\"en-US\",\"potentialAction\":[{\"@type\":\"ReadAction\",\"target\":[\"https:\\\/\\\/polifactory.test.polimi.it\\\/community\\\/davide-susca\\\/\"]}]},{\"@type\":\"ImageObject\",\"inLanguage\":\"en-US\",\"@id\":\"https:\\\/\\\/polifactory.test.polimi.it\\\/community\\\/davide-susca\\\/#primaryimage\",\"url\":\"https:\\\/\\\/polifactory.test.polimi.it\\\/wp-content\\\/uploads\\\/2020\\\/01\\\/Davide_Susca.png\",\"contentUrl\":\"https:\\\/\\\/polifactory.test.polimi.it\\\/wp-content\\\/uploads\\\/2020\\\/01\\\/Davide_Susca.png\",\"width\":3333,\"height\":3333},{\"@type\":\"WebSite\",\"@id\":\"https:\\\/\\\/polifactory.test.polimi.it\\\/#website\",\"url\":\"https:\\\/\\\/polifactory.test.polimi.it\\\/\",\"name\":\"Polifactory\",\"description\":\"Il makerspace-fablab del Politecnico di Milano\",\"publisher\":{\"@id\":\"https:\\\/\\\/polifactory.test.polimi.it\\\/#organization\"},\"potentialAction\":[{\"@type\":\"SearchAction\",\"target\":{\"@type\":\"EntryPoint\",\"urlTemplate\":\"https:\\\/\\\/polifactory.test.polimi.it\\\/?s={search_term_string}\"},\"query-input\":{\"@type\":\"PropertyValueSpecification\",\"valueRequired\":true,\"valueName\":\"search_term_string\"}}],\"inLanguage\":\"en-US\"},{\"@type\":\"Organization\",\"@id\":\"https:\\\/\\\/polifactory.test.polimi.it\\\/#organization\",\"name\":\"Polifactory\",\"url\":\"https:\\\/\\\/polifactory.test.polimi.it\\\/\",\"logo\":{\"@type\":\"ImageObject\",\"inLanguage\":\"en-US\",\"@id\":\"https:\\\/\\\/polifactory.test.polimi.it\\\/#\\\/schema\\\/logo\\\/image\\\/\",\"url\":\"https:\\\/\\\/polifactory.test.polimi.it\\\/wp-content\\\/uploads\\\/2025\\\/02\\\/Logo_Black_White.png\",\"contentUrl\":\"https:\\\/\\\/polifactory.test.polimi.it\\\/wp-content\\\/uploads\\\/2025\\\/02\\\/Logo_Black_White.png\",\"width\":600,\"height\":600,\"caption\":\"Polifactory\"},\"image\":{\"@id\":\"https:\\\/\\\/polifactory.test.polimi.it\\\/#\\\/schema\\\/logo\\\/image\\\/\"},\"sameAs\":[\"https:\\\/\\\/www.facebook.com\\\/polifactory\",\"https:\\\/\\\/www.linkedin.com\\\/company\\\/polifactory-polimi\\\/\",\"https:\\\/\\\/www.instagram.com\\\/polifactorypolimi\\\/\"]}]}<\/script>\n<!-- \/ Yoast SEO plugin. -->","yoast_head_json":{"title":"Davide Susca - Polifactory","robots":{"index":"index","follow":"follow","max-snippet":"max-snippet:-1","max-image-preview":"max-image-preview:large","max-video-preview":"max-video-preview:-1"},"canonical":"https:\/\/polifactory.test.polimi.it\/community\/davide-susca\/","og_locale":"en_US","og_type":"article","og_title":"Davide Susca - Polifactory","og_description":"Nato a Verona nel 1995, intraprende a Bologna nel 2014 l\u2019allora nuovo corso di studi in Design del Prodotto Industriale. Si iscrive successivamente al Politecnico di Milano al corso Integrated...","og_url":"https:\/\/polifactory.test.polimi.it\/community\/davide-susca\/","og_site_name":"Polifactory","article_publisher":"https:\/\/www.facebook.com\/polifactory","article_modified_time":"2025-03-13T16:22:24+00:00","og_image":[{"width":1024,"height":1024,"url":"https:\/\/polifactory.test.polimi.it\/wp-content\/uploads\/2020\/01\/Davide_Susca-1024x1024.png","type":"image\/png"}],"twitter_card":"summary_large_image","twitter_misc":{"Est. reading time":"2 minutes"},"schema":{"@context":"https:\/\/schema.org","@graph":[{"@type":"WebPage","@id":"https:\/\/polifactory.test.polimi.it\/community\/davide-susca\/","url":"https:\/\/polifactory.test.polimi.it\/community\/davide-susca\/","name":"Davide Susca - Polifactory","isPartOf":{"@id":"https:\/\/polifactory.test.polimi.it\/#website"},"primaryImageOfPage":{"@id":"https:\/\/polifactory.test.polimi.it\/community\/davide-susca\/#primaryimage"},"image":{"@id":"https:\/\/polifactory.test.polimi.it\/community\/davide-susca\/#primaryimage"},"thumbnailUrl":"https:\/\/polifactory.test.polimi.it\/wp-content\/uploads\/2020\/01\/Davide_Susca.png","datePublished":"2020-01-18T15:02:11+00:00","dateModified":"2025-03-13T16:22:24+00:00","inLanguage":"en-US","potentialAction":[{"@type":"ReadAction","target":["https:\/\/polifactory.test.polimi.it\/community\/davide-susca\/"]}]},{"@type":"ImageObject","inLanguage":"en-US","@id":"https:\/\/polifactory.test.polimi.it\/community\/davide-susca\/#primaryimage","url":"https:\/\/polifactory.test.polimi.it\/wp-content\/uploads\/2020\/01\/Davide_Susca.png","contentUrl":"https:\/\/polifactory.test.polimi.it\/wp-content\/uploads\/2020\/01\/Davide_Susca.png","width":3333,"height":3333},{"@type":"WebSite","@id":"https:\/\/polifactory.test.polimi.it\/#website","url":"https:\/\/polifactory.test.polimi.it\/","name":"Polifactory","description":"Il makerspace-fablab del Politecnico di Milano","publisher":{"@id":"https:\/\/polifactory.test.polimi.it\/#organization"},"potentialAction":[{"@type":"SearchAction","target":{"@type":"EntryPoint","urlTemplate":"https:\/\/polifactory.test.polimi.it\/?s={search_term_string}"},"query-input":{"@type":"PropertyValueSpecification","valueRequired":true,"valueName":"search_term_string"}}],"inLanguage":"en-US"},{"@type":"Organization","@id":"https:\/\/polifactory.test.polimi.it\/#organization","name":"Polifactory","url":"https:\/\/polifactory.test.polimi.it\/","logo":{"@type":"ImageObject","inLanguage":"en-US","@id":"https:\/\/polifactory.test.polimi.it\/#\/schema\/logo\/image\/","url":"https:\/\/polifactory.test.polimi.it\/wp-content\/uploads\/2025\/02\/Logo_Black_White.png","contentUrl":"https:\/\/polifactory.test.polimi.it\/wp-content\/uploads\/2025\/02\/Logo_Black_White.png","width":600,"height":600,"caption":"Polifactory"},"image":{"@id":"https:\/\/polifactory.test.polimi.it\/#\/schema\/logo\/image\/"},"sameAs":["https:\/\/www.facebook.com\/polifactory","https:\/\/www.linkedin.com\/company\/polifactory-polimi\/","https:\/\/www.instagram.com\/polifactorypolimi\/"]}]}},"_links":{"self":[{"href":"https:\/\/polifactory.test.polimi.it\/en\/wp-json\/wp\/v2\/community\/7711","targetHints":{"allow":["GET"]}}],"collection":[{"href":"https:\/\/polifactory.test.polimi.it\/en\/wp-json\/wp\/v2\/community"}],"about":[{"href":"https:\/\/polifactory.test.polimi.it\/en\/wp-json\/wp\/v2\/types\/community"}],"wp:featuredmedia":[{"embeddable":true,"href":"https:\/\/polifactory.test.polimi.it\/en\/wp-json\/wp\/v2\/media\/7713"}],"wp:attachment":[{"href":"https:\/\/polifactory.test.polimi.it\/en\/wp-json\/wp\/v2\/media?parent=7711"}],"wp:term":[{"taxonomy":"category","embeddable":true,"href":"https:\/\/polifactory.test.polimi.it\/en\/wp-json\/wp\/v2\/categories?post=7711"},{"taxonomy":"post_tag","embeddable":true,"href":"https:\/\/polifactory.test.polimi.it\/en\/wp-json\/wp\/v2\/tags?post=7711"}],"curies":[{"name":"wp","href":"https:\/\/api.w.org\/{rel}","templated":true}]}}

<p><span style="font-weight: 400;">Nato a Verona nel 1995, intraprende a Bologna nel 2014 l’allora nuovo corso di studi in Design del Prodotto Industriale. Si iscrive successivamente al Politecnico di Milano al corso Integrated Product Design, spinto dalla voglia di arricchire il suo percorso di studi e le sue conoscenze nel campo della progettazione. Da sempre incuriosito dal rapporto tra forma e funzione e da come un’idea si articoli per diventare un progetto finito. Durante il percorso magistrale al Politecnico si avvicina a tematiche progettuali differenti, e decide di sviluppare una tesi che studi il rapporto tra design e autismo nell’età adulta.</span></p>
<p><strong>Abstract:</strong></p>
<div><span style="font-weight: 400;">All&#8217;uno per cento della popolazione mondiale viene diagnosticato un disturbo dello spettro autistico (ASD). Negli ultimi decenni, il numero di persone autistiche sembra essere in continuo aumento, anche grazie alla maggiore consapevolezza e alle migliori tecnologie e tecniche mediche sviluppate per identificarlo. In Italia si stima, secondo recenti studi, che un bambino su 88 sia affetto da ASD, per un totale di oltre 500.000 persone. Le persone dello spettro autistico presentano un&#8217;ampia gamma di sintomi, che coinvolgono principalmente la sfera sociale e relazionale a causa delle difficoltà di interazione, comprensione delle situazioni sociali, empatia e comunicazione verbale e non verbale. Attraverso questa tesi, mi propongo di approfondire la conoscenza di come le persone autistiche percepiscono e interagiscono con il mondo esterno e con le persone che le circondano, e di come questa condizione possa influire sulla vita quotidiana delle persone che crescono. L’attenzione in questa tesi sarà focalizzata sugli adulti affetti da ASD, essendo un territorio per lo più sconosciuto e meno indagato dalla ricerca scientifica. L&#8217;autismo in età adulta ha un forte impatto sia sull&#8217;individuo, che si sta muovendo verso una fase in cui le aspettative sono più alte e l&#8217;indipendenza è fondamentale, sia sulla famiglia, che in genere diventa meno presente nella vita della persona. Una domanda importante che di solito viene posta e temuta dalla famiglia di una persona con disabilità, compreso l&#8217;autismo, è come la persona sarà in grado di vivere da sola, in modo indipendente e con successo. Prodotti progettati con consapevolezza e caratteristiche specifiche possono giocare un ruolo essenziale nel migliorare e facilitare la qualità della vita delle persone con bisogni speciali. Molte sono le soluzioni sviluppate per i bambini dello spettro, che variano dai giocattoli per migliorare la percezione ai prodotti terapeutici che coinvolgono luci e suoni. Ma è come se l&#8217;autismo venisse dimenticato una volta che la persona invecchia. Essendo una condizione che dura tutta la vita, l&#8217;autismo non si ferma dopo il raggiungimento della maggiore età, e tenerne conto per sviluppare soluzioni che migliorino anche i piccoli aspetti della vita quotidiana è essenziale. </span></div>
