{"id":4031,"date":"2017-10-13T11:01:23","date_gmt":"2017-10-13T11:01:23","guid":{"rendered":"http:\/\/polifactory.test.polimi.it\/?post_type=communitypolifactory&#038;p=4031"},"modified":"2025-03-13T16:22:27","modified_gmt":"2025-03-13T16:22:27","slug":"sara-pizzatti","status":"publish","type":"community","link":"https:\/\/polifactory.test.polimi.it\/en\/community\/sara-pizzatti\/","title":{"rendered":"Sara Pizzatti"},"content":{"rendered":"<p><span style=\"font-weight: 400;\">Sara nasce ad Alzano Lombardo (BG) nel 1993. Dopo aver concluso gli studi scientifici, la sua forte passione per la moda e la sua predisposizione al disegno la portano ad iscriversi al Corso di Laurea in Design della Moda al Politecnico di Milano. Dopo aver conseguito la Laurea Triennale prosegue il suo percorso di studi all\u2019interno della Laurea Magistrale in Design for the Fashion System, specializzandosi nel settore degli accessori. Attualmente Sara sta sviluppando a Polifactory una tesi sperimentale focalizzata sulla calzatura comfort.<\/span><\/p>\n<p>&nbsp;<\/p>\n<p><strong>Freesock.<\/strong><\/p>\n<p><span style=\"font-weight: 400;\">Lo scopo di questo progetto \u00e8 quello di creare una scarpa comfort adatta alla quotidianit\u00e0; ispirandosi alla comodit\u00e0 e alla leggerezza del calzino Sara si \u00e8 chiesta: \u201cperch\u00e9 non avere letteralmente un calzino attaccato alla suola?\u201d<br \/>\n<\/span><span style=\"font-weight: 400;\">La scarpa nata da questo pensiero si chiama \u201cFreesock\u201d ed \u00e8 dotata di una tomaia elastica, adattabile alla forma del piede ne protegge inoltre i punti pi\u00f9 sensibili grazie alle diverse texture poste in zone strategiche. La parte principale composta dal \u201ccalzino\u201d sar\u00e0 completamente staccabile dalla suola per permetterne un lavaggio comodo e frequente, inoltre esso potr\u00e0 essere sostituito con altri modelli alla moda per avere una scarpa con uno stile sempre diverso ogni volta che lo si desidera. La suola prototipata con la stampante 3D, \u00e8 ergonomica e aiuta chi la indossa nel momento della camminata grazie alla sua forma a dondolo che spinge il piede in avanti invogliando a compiere un altro passo. Per dare maggiore supporto e stabilit\u00e0 all\u2019arco plantare e alla caviglia, la chiusura \u00e8 simile ad una cavigliera ortopedica. Quest\u2019ultima \u00e8 inoltre completamente removibile e grazie alle parti in velcro, delle quali ne \u00e8 provvista, pu\u00f2 essere adattata ad ogni piede.<\/span><\/p>\n","protected":false},"featured_media":4032,"template":"","categories":[102],"tags":[],"class_list":{"0":"post-4031","1":"community","2":"type-community","3":"status-publish","4":"has-post-thumbnail","6":"category-talents"},"acf":[],"yoast_head":"<!-- This site is optimized with the Yoast SEO plugin v27.4 - https:\/\/yoast.com\/product\/yoast-seo-wordpress\/ -->\n<title>Sara Pizzatti - Polifactory<\/title>\n<meta name=\"robots\" content=\"index, follow, max-snippet:-1, max-image-preview:large, max-video-preview:-1\" \/>\n<link rel=\"canonical\" href=\"https:\/\/polifactory.test.polimi.it\/community\/sara-pizzatti\/\" \/>\n<meta property=\"og:locale\" content=\"en_US\" \/>\n<meta property=\"og:type\" content=\"article\" \/>\n<meta property=\"og:title\" content=\"Sara Pizzatti - Polifactory\" \/>\n<meta property=\"og:description\" content=\"Sara nasce ad Alzano Lombardo (BG) nel 1993. Dopo aver concluso gli studi scientifici, la sua forte passione per la moda e la sua predisposizione al disegno la portano ad...\" \/>\n<meta property=\"og:url\" content=\"https:\/\/polifactory.test.polimi.it\/community\/sara-pizzatti\/\" \/>\n<meta property=\"og:site_name\" content=\"Polifactory\" \/>\n<meta property=\"article:publisher\" content=\"https:\/\/www.facebook.com\/polifactory\" \/>\n<meta property=\"article:modified_time\" content=\"2025-03-13T16:22:27+00:00\" \/>\n<meta property=\"og:image\" content=\"https:\/\/polifactory.test.polimi.it\/wp-content\/uploads\/2017\/10\/sara_pizzattibn.jpg\" \/>\n\t<meta property=\"og:image:width\" content=\"2336\" \/>\n\t<meta property=\"og:image:height\" content=\"2336\" \/>\n\t<meta property=\"og:image:type\" content=\"image\/jpeg\" \/>\n<meta name=\"twitter:card\" content=\"summary_large_image\" \/>\n<meta name=\"twitter:label1\" content=\"Est. reading time\" \/>\n\t<meta name=\"twitter:data1\" content=\"1 minute\" \/>\n<script type=\"application\/ld+json\" class=\"yoast-schema-graph\">{\"@context\":\"https:\\\/\\\/schema.org\",\"@graph\":[{\"@type\":\"WebPage\",\"@id\":\"https:\\\/\\\/polifactory.test.polimi.it\\\/community\\\/sara-pizzatti\\\/\",\"url\":\"https:\\\/\\\/polifactory.test.polimi.it\\\/community\\\/sara-pizzatti\\\/\",\"name\":\"Sara Pizzatti - Polifactory\",\"isPartOf\":{\"@id\":\"https:\\\/\\\/polifactory.test.polimi.it\\\/#website\"},\"primaryImageOfPage\":{\"@id\":\"https:\\\/\\\/polifactory.test.polimi.it\\\/community\\\/sara-pizzatti\\\/#primaryimage\"},\"image\":{\"@id\":\"https:\\\/\\\/polifactory.test.polimi.it\\\/community\\\/sara-pizzatti\\\/#primaryimage\"},\"thumbnailUrl\":\"https:\\\/\\\/polifactory.test.polimi.it\\\/wp-content\\\/uploads\\\/2017\\\/10\\\/sara_pizzattibn.jpg\",\"datePublished\":\"2017-10-13T11:01:23+00:00\",\"dateModified\":\"2025-03-13T16:22:27+00:00\",\"inLanguage\":\"en-US\",\"potentialAction\":[{\"@type\":\"ReadAction\",\"target\":[\"https:\\\/\\\/polifactory.test.polimi.it\\\/community\\\/sara-pizzatti\\\/\"]}]},{\"@type\":\"ImageObject\",\"inLanguage\":\"en-US\",\"@id\":\"https:\\\/\\\/polifactory.test.polimi.it\\\/community\\\/sara-pizzatti\\\/#primaryimage\",\"url\":\"https:\\\/\\\/polifactory.test.polimi.it\\\/wp-content\\\/uploads\\\/2017\\\/10\\\/sara_pizzattibn.jpg\",\"contentUrl\":\"https:\\\/\\\/polifactory.test.polimi.it\\\/wp-content\\\/uploads\\\/2017\\\/10\\\/sara_pizzattibn.jpg\",\"width\":2336,\"height\":2336},{\"@type\":\"WebSite\",\"@id\":\"https:\\\/\\\/polifactory.test.polimi.it\\\/#website\",\"url\":\"https:\\\/\\\/polifactory.test.polimi.it\\\/\",\"name\":\"Polifactory\",\"description\":\"Il makerspace-fablab del Politecnico di Milano\",\"publisher\":{\"@id\":\"https:\\\/\\\/polifactory.test.polimi.it\\\/#organization\"},\"potentialAction\":[{\"@type\":\"SearchAction\",\"target\":{\"@type\":\"EntryPoint\",\"urlTemplate\":\"https:\\\/\\\/polifactory.test.polimi.it\\\/?s={search_term_string}\"},\"query-input\":{\"@type\":\"PropertyValueSpecification\",\"valueRequired\":true,\"valueName\":\"search_term_string\"}}],\"inLanguage\":\"en-US\"},{\"@type\":\"Organization\",\"@id\":\"https:\\\/\\\/polifactory.test.polimi.it\\\/#organization\",\"name\":\"Polifactory\",\"url\":\"https:\\\/\\\/polifactory.test.polimi.it\\\/\",\"logo\":{\"@type\":\"ImageObject\",\"inLanguage\":\"en-US\",\"@id\":\"https:\\\/\\\/polifactory.test.polimi.it\\\/#\\\/schema\\\/logo\\\/image\\\/\",\"url\":\"https:\\\/\\\/polifactory.test.polimi.it\\\/wp-content\\\/uploads\\\/2025\\\/02\\\/Logo_Black_White.png\",\"contentUrl\":\"https:\\\/\\\/polifactory.test.polimi.it\\\/wp-content\\\/uploads\\\/2025\\\/02\\\/Logo_Black_White.png\",\"width\":600,\"height\":600,\"caption\":\"Polifactory\"},\"image\":{\"@id\":\"https:\\\/\\\/polifactory.test.polimi.it\\\/#\\\/schema\\\/logo\\\/image\\\/\"},\"sameAs\":[\"https:\\\/\\\/www.facebook.com\\\/polifactory\",\"https:\\\/\\\/www.linkedin.com\\\/company\\\/polifactory-polimi\\\/\",\"https:\\\/\\\/www.instagram.com\\\/polifactorypolimi\\\/\"]}]}<\/script>\n<!-- \/ Yoast SEO plugin. -->","yoast_head_json":{"title":"Sara Pizzatti - Polifactory","robots":{"index":"index","follow":"follow","max-snippet":"max-snippet:-1","max-image-preview":"max-image-preview:large","max-video-preview":"max-video-preview:-1"},"canonical":"https:\/\/polifactory.test.polimi.it\/community\/sara-pizzatti\/","og_locale":"en_US","og_type":"article","og_title":"Sara Pizzatti - Polifactory","og_description":"Sara nasce ad Alzano Lombardo (BG) nel 1993. Dopo aver concluso gli studi scientifici, la sua forte passione per la moda e la sua predisposizione al disegno la portano ad...","og_url":"https:\/\/polifactory.test.polimi.it\/community\/sara-pizzatti\/","og_site_name":"Polifactory","article_publisher":"https:\/\/www.facebook.com\/polifactory","article_modified_time":"2025-03-13T16:22:27+00:00","og_image":[{"width":2336,"height":2336,"url":"https:\/\/polifactory.test.polimi.it\/wp-content\/uploads\/2017\/10\/sara_pizzattibn.jpg","type":"image\/jpeg"}],"twitter_card":"summary_large_image","twitter_misc":{"Est. reading time":"1 minute"},"schema":{"@context":"https:\/\/schema.org","@graph":[{"@type":"WebPage","@id":"https:\/\/polifactory.test.polimi.it\/community\/sara-pizzatti\/","url":"https:\/\/polifactory.test.polimi.it\/community\/sara-pizzatti\/","name":"Sara Pizzatti - Polifactory","isPartOf":{"@id":"https:\/\/polifactory.test.polimi.it\/#website"},"primaryImageOfPage":{"@id":"https:\/\/polifactory.test.polimi.it\/community\/sara-pizzatti\/#primaryimage"},"image":{"@id":"https:\/\/polifactory.test.polimi.it\/community\/sara-pizzatti\/#primaryimage"},"thumbnailUrl":"https:\/\/polifactory.test.polimi.it\/wp-content\/uploads\/2017\/10\/sara_pizzattibn.jpg","datePublished":"2017-10-13T11:01:23+00:00","dateModified":"2025-03-13T16:22:27+00:00","inLanguage":"en-US","potentialAction":[{"@type":"ReadAction","target":["https:\/\/polifactory.test.polimi.it\/community\/sara-pizzatti\/"]}]},{"@type":"ImageObject","inLanguage":"en-US","@id":"https:\/\/polifactory.test.polimi.it\/community\/sara-pizzatti\/#primaryimage","url":"https:\/\/polifactory.test.polimi.it\/wp-content\/uploads\/2017\/10\/sara_pizzattibn.jpg","contentUrl":"https:\/\/polifactory.test.polimi.it\/wp-content\/uploads\/2017\/10\/sara_pizzattibn.jpg","width":2336,"height":2336},{"@type":"WebSite","@id":"https:\/\/polifactory.test.polimi.it\/#website","url":"https:\/\/polifactory.test.polimi.it\/","name":"Polifactory","description":"Il makerspace-fablab del Politecnico di Milano","publisher":{"@id":"https:\/\/polifactory.test.polimi.it\/#organization"},"potentialAction":[{"@type":"SearchAction","target":{"@type":"EntryPoint","urlTemplate":"https:\/\/polifactory.test.polimi.it\/?s={search_term_string}"},"query-input":{"@type":"PropertyValueSpecification","valueRequired":true,"valueName":"search_term_string"}}],"inLanguage":"en-US"},{"@type":"Organization","@id":"https:\/\/polifactory.test.polimi.it\/#organization","name":"Polifactory","url":"https:\/\/polifactory.test.polimi.it\/","logo":{"@type":"ImageObject","inLanguage":"en-US","@id":"https:\/\/polifactory.test.polimi.it\/#\/schema\/logo\/image\/","url":"https:\/\/polifactory.test.polimi.it\/wp-content\/uploads\/2025\/02\/Logo_Black_White.png","contentUrl":"https:\/\/polifactory.test.polimi.it\/wp-content\/uploads\/2025\/02\/Logo_Black_White.png","width":600,"height":600,"caption":"Polifactory"},"image":{"@id":"https:\/\/polifactory.test.polimi.it\/#\/schema\/logo\/image\/"},"sameAs":["https:\/\/www.facebook.com\/polifactory","https:\/\/www.linkedin.com\/company\/polifactory-polimi\/","https:\/\/www.instagram.com\/polifactorypolimi\/"]}]}},"_links":{"self":[{"href":"https:\/\/polifactory.test.polimi.it\/en\/wp-json\/wp\/v2\/community\/4031","targetHints":{"allow":["GET"]}}],"collection":[{"href":"https:\/\/polifactory.test.polimi.it\/en\/wp-json\/wp\/v2\/community"}],"about":[{"href":"https:\/\/polifactory.test.polimi.it\/en\/wp-json\/wp\/v2\/types\/community"}],"wp:featuredmedia":[{"embeddable":true,"href":"https:\/\/polifactory.test.polimi.it\/en\/wp-json\/wp\/v2\/media\/4032"}],"wp:attachment":[{"href":"https:\/\/polifactory.test.polimi.it\/en\/wp-json\/wp\/v2\/media?parent=4031"}],"wp:term":[{"taxonomy":"category","embeddable":true,"href":"https:\/\/polifactory.test.polimi.it\/en\/wp-json\/wp\/v2\/categories?post=4031"},{"taxonomy":"post_tag","embeddable":true,"href":"https:\/\/polifactory.test.polimi.it\/en\/wp-json\/wp\/v2\/tags?post=4031"}],"curies":[{"name":"wp","href":"https:\/\/api.w.org\/{rel}","templated":true}]}}

<p><span style="font-weight: 400;">Sara nasce ad Alzano Lombardo (BG) nel 1993. Dopo aver concluso gli studi scientifici, la sua forte passione per la moda e la sua predisposizione al disegno la portano ad iscriversi al Corso di Laurea in Design della Moda al Politecnico di Milano. Dopo aver conseguito la Laurea Triennale prosegue il suo percorso di studi all’interno della Laurea Magistrale in Design for the Fashion System, specializzandosi nel settore degli accessori. Attualmente Sara sta sviluppando a Polifactory una tesi sperimentale focalizzata sulla calzatura comfort.</span></p>
<p>&nbsp;</p>
<p><strong>Freesock.</strong></p>
<p><span style="font-weight: 400;">Lo scopo di questo progetto è quello di creare una scarpa comfort adatta alla quotidianità; ispirandosi alla comodità e alla leggerezza del calzino Sara si è chiesta: “perché non avere letteralmente un calzino attaccato alla suola?”<br />
</span><span style="font-weight: 400;">La scarpa nata da questo pensiero si chiama “Freesock” ed è dotata di una tomaia elastica, adattabile alla forma del piede ne protegge inoltre i punti più sensibili grazie alle diverse texture poste in zone strategiche. La parte principale composta dal “calzino” sarà completamente staccabile dalla suola per permetterne un lavaggio comodo e frequente, inoltre esso potrà essere sostituito con altri modelli alla moda per avere una scarpa con uno stile sempre diverso ogni volta che lo si desidera. La suola prototipata con la stampante 3D, è ergonomica e aiuta chi la indossa nel momento della camminata grazie alla sua forma a dondolo che spinge il piede in avanti invogliando a compiere un altro passo. Per dare maggiore supporto e stabilità all’arco plantare e alla caviglia, la chiusura è simile ad una cavigliera ortopedica. Quest’ultima è inoltre completamente removibile e grazie alle parti in velcro, delle quali ne è provvista, può essere adattata ad ogni piede.</span></p>
