{"id":3935,"date":"2017-10-05T13:42:22","date_gmt":"2017-10-05T13:42:22","guid":{"rendered":"http:\/\/polifactory.test.polimi.it\/?post_type=communitypolifactory&#038;p=3935"},"modified":"2025-03-13T16:22:27","modified_gmt":"2025-03-13T16:22:27","slug":"massimiliano-straccia","status":"publish","type":"community","link":"https:\/\/polifactory.test.polimi.it\/en\/community\/massimiliano-straccia\/","title":{"rendered":"Massimiliano Straccia"},"content":{"rendered":"<p><span style=\"font-weight: 400;\">Nato a Treviglio (BG) nel 1993. Dopo \u00a0aver ottenuto la qualifica di geometra, Massimiliano, da sempre appassionato nel progettare e soprattutto realizzare prodotti, si iscrive al corso di Laurea di primo livello in Design del Prodotto Industriale. Nel corso del triennio ha avuto la possibilit\u00e0 di maturare esperienza nell\u2019ambito, presentando i suoi prodotti ad aziende come Arbre Magique oppure esibendoli in mostre come \u201cResetting and reshaping\u201d al Politecnico di Milano e \u201cDesign per Artshop e Bookshop\u201d al MAXXI di Roma. Attualmente \u00e8 laureando in Design&amp;Engineering e lavora come product designer presso l\u2019azienda KAWE srl.<\/span><\/p>\n<p><strong>Water Ionizer.<\/strong><\/p>\n<p><span style=\"font-weight: 400;\">Il progetto che Massimilano sta sviluppando riguarda la realizzazione di un dispositivo portatile per la ionizzazione dell\u2019acqua potabile. Scopo del lavoro \u00e8 quello di estendere le potenzialit\u00e0 gi\u00e0 note dello ionizzatore ed adattarle a contesti che non permettono l\u2019allaccio ad una rete idrica domestica quali aree naturali, lunghi tragitti o semplicemente normali gite fuori porta. Il progetto nasce dall\u2019analisi di un trend che si \u00e8 sviluppato recentemente sulla ricerca di uno stile di vita sano. Ormai tutti cercano il modo pi\u00f9 efficace per restare in forma, sperimentando vari tipi di regimi alimentari e praticando moltissimo sport. Tra tutti gli sport, l\u2019attivit\u00e0 fisica all\u2019aperto sta riscontrando maggiore successo, in quanto molto pi\u00f9 adattabile alle esigenze di chi la pratica. Partendo dall\u2019influenza del pH nel cibo e dalle conseguenze sui risultati sportivi, \u00e8 stata sviluppata un\u2019attenta ricerca mirata a capire se la ionizzazione portatile possa essere una mossa vincente all\u2019interno del mercato, utilizzando un target pi\u00f9 ampio rispetto al singolo atleta professionista. Il prodotto avr\u00e0 quindi la forma e le dimensioni di una borraccia, in cui verr\u00e0 integrata una parte elettronica collegata a quattro elettrodi, che garantir\u00e0 all\u2019utente la possibilit\u00e0 di poter bere acqua alcalina anche al di fuori dell\u2019ambiente domestico.<\/span><\/p>\n","protected":false},"featured_media":3936,"template":"","categories":[102],"tags":[],"class_list":{"0":"post-3935","1":"community","2":"type-community","3":"status-publish","4":"has-post-thumbnail","6":"category-talents"},"acf":[],"yoast_head":"<!-- This site is optimized with the Yoast SEO plugin v27.4 - https:\/\/yoast.com\/product\/yoast-seo-wordpress\/ -->\n<title>Massimiliano Straccia - Polifactory<\/title>\n<meta name=\"robots\" content=\"index, follow, max-snippet:-1, max-image-preview:large, max-video-preview:-1\" \/>\n<link rel=\"canonical\" href=\"https:\/\/polifactory.test.polimi.it\/community\/massimiliano-straccia\/\" \/>\n<meta property=\"og:locale\" content=\"en_US\" \/>\n<meta property=\"og:type\" content=\"article\" \/>\n<meta property=\"og:title\" content=\"Massimiliano Straccia - Polifactory\" \/>\n<meta property=\"og:description\" content=\"Nato a Treviglio (BG) nel 1993. Dopo \u00a0aver ottenuto la qualifica di geometra, Massimiliano, da sempre appassionato nel progettare e soprattutto realizzare prodotti, si iscrive al corso di Laurea di...\" \/>\n<meta property=\"og:url\" content=\"https:\/\/polifactory.test.polimi.it\/community\/massimiliano-straccia\/\" \/>\n<meta property=\"og:site_name\" content=\"Polifactory\" \/>\n<meta property=\"article:publisher\" content=\"https:\/\/www.facebook.com\/polifactory\" \/>\n<meta property=\"article:modified_time\" content=\"2025-03-13T16:22:27+00:00\" \/>\n<meta property=\"og:image\" content=\"https:\/\/polifactory.test.polimi.it\/wp-content\/uploads\/2017\/10\/massimiliano_stracciabn.jpg\" \/>\n\t<meta property=\"og:image:width\" content=\"1000\" \/>\n\t<meta property=\"og:image:height\" content=\"1000\" \/>\n\t<meta property=\"og:image:type\" content=\"image\/jpeg\" \/>\n<meta name=\"twitter:card\" content=\"summary_large_image\" \/>\n<meta name=\"twitter:label1\" content=\"Est. reading time\" \/>\n\t<meta name=\"twitter:data1\" content=\"2 minutes\" \/>\n<script type=\"application\/ld+json\" class=\"yoast-schema-graph\">{\"@context\":\"https:\\\/\\\/schema.org\",\"@graph\":[{\"@type\":\"WebPage\",\"@id\":\"https:\\\/\\\/polifactory.test.polimi.it\\\/community\\\/massimiliano-straccia\\\/\",\"url\":\"https:\\\/\\\/polifactory.test.polimi.it\\\/community\\\/massimiliano-straccia\\\/\",\"name\":\"Massimiliano Straccia - Polifactory\",\"isPartOf\":{\"@id\":\"https:\\\/\\\/polifactory.test.polimi.it\\\/#website\"},\"primaryImageOfPage\":{\"@id\":\"https:\\\/\\\/polifactory.test.polimi.it\\\/community\\\/massimiliano-straccia\\\/#primaryimage\"},\"image\":{\"@id\":\"https:\\\/\\\/polifactory.test.polimi.it\\\/community\\\/massimiliano-straccia\\\/#primaryimage\"},\"thumbnailUrl\":\"https:\\\/\\\/polifactory.test.polimi.it\\\/wp-content\\\/uploads\\\/2017\\\/10\\\/massimiliano_stracciabn.jpg\",\"datePublished\":\"2017-10-05T13:42:22+00:00\",\"dateModified\":\"2025-03-13T16:22:27+00:00\",\"inLanguage\":\"en-US\",\"potentialAction\":[{\"@type\":\"ReadAction\",\"target\":[\"https:\\\/\\\/polifactory.test.polimi.it\\\/community\\\/massimiliano-straccia\\\/\"]}]},{\"@type\":\"ImageObject\",\"inLanguage\":\"en-US\",\"@id\":\"https:\\\/\\\/polifactory.test.polimi.it\\\/community\\\/massimiliano-straccia\\\/#primaryimage\",\"url\":\"https:\\\/\\\/polifactory.test.polimi.it\\\/wp-content\\\/uploads\\\/2017\\\/10\\\/massimiliano_stracciabn.jpg\",\"contentUrl\":\"https:\\\/\\\/polifactory.test.polimi.it\\\/wp-content\\\/uploads\\\/2017\\\/10\\\/massimiliano_stracciabn.jpg\",\"width\":1000,\"height\":1000},{\"@type\":\"WebSite\",\"@id\":\"https:\\\/\\\/polifactory.test.polimi.it\\\/#website\",\"url\":\"https:\\\/\\\/polifactory.test.polimi.it\\\/\",\"name\":\"Polifactory\",\"description\":\"Il makerspace-fablab del Politecnico di Milano\",\"publisher\":{\"@id\":\"https:\\\/\\\/polifactory.test.polimi.it\\\/#organization\"},\"potentialAction\":[{\"@type\":\"SearchAction\",\"target\":{\"@type\":\"EntryPoint\",\"urlTemplate\":\"https:\\\/\\\/polifactory.test.polimi.it\\\/?s={search_term_string}\"},\"query-input\":{\"@type\":\"PropertyValueSpecification\",\"valueRequired\":true,\"valueName\":\"search_term_string\"}}],\"inLanguage\":\"en-US\"},{\"@type\":\"Organization\",\"@id\":\"https:\\\/\\\/polifactory.test.polimi.it\\\/#organization\",\"name\":\"Polifactory\",\"url\":\"https:\\\/\\\/polifactory.test.polimi.it\\\/\",\"logo\":{\"@type\":\"ImageObject\",\"inLanguage\":\"en-US\",\"@id\":\"https:\\\/\\\/polifactory.test.polimi.it\\\/#\\\/schema\\\/logo\\\/image\\\/\",\"url\":\"https:\\\/\\\/polifactory.test.polimi.it\\\/wp-content\\\/uploads\\\/2025\\\/02\\\/Logo_Black_White.png\",\"contentUrl\":\"https:\\\/\\\/polifactory.test.polimi.it\\\/wp-content\\\/uploads\\\/2025\\\/02\\\/Logo_Black_White.png\",\"width\":600,\"height\":600,\"caption\":\"Polifactory\"},\"image\":{\"@id\":\"https:\\\/\\\/polifactory.test.polimi.it\\\/#\\\/schema\\\/logo\\\/image\\\/\"},\"sameAs\":[\"https:\\\/\\\/www.facebook.com\\\/polifactory\",\"https:\\\/\\\/www.linkedin.com\\\/company\\\/polifactory-polimi\\\/\",\"https:\\\/\\\/www.instagram.com\\\/polifactorypolimi\\\/\"]}]}<\/script>\n<!-- \/ Yoast SEO plugin. -->","yoast_head_json":{"title":"Massimiliano Straccia - Polifactory","robots":{"index":"index","follow":"follow","max-snippet":"max-snippet:-1","max-image-preview":"max-image-preview:large","max-video-preview":"max-video-preview:-1"},"canonical":"https:\/\/polifactory.test.polimi.it\/community\/massimiliano-straccia\/","og_locale":"en_US","og_type":"article","og_title":"Massimiliano Straccia - Polifactory","og_description":"Nato a Treviglio (BG) nel 1993. Dopo \u00a0aver ottenuto la qualifica di geometra, Massimiliano, da sempre appassionato nel progettare e soprattutto realizzare prodotti, si iscrive al corso di Laurea di...","og_url":"https:\/\/polifactory.test.polimi.it\/community\/massimiliano-straccia\/","og_site_name":"Polifactory","article_publisher":"https:\/\/www.facebook.com\/polifactory","article_modified_time":"2025-03-13T16:22:27+00:00","og_image":[{"width":1000,"height":1000,"url":"https:\/\/polifactory.test.polimi.it\/wp-content\/uploads\/2017\/10\/massimiliano_stracciabn.jpg","type":"image\/jpeg"}],"twitter_card":"summary_large_image","twitter_misc":{"Est. reading time":"2 minutes"},"schema":{"@context":"https:\/\/schema.org","@graph":[{"@type":"WebPage","@id":"https:\/\/polifactory.test.polimi.it\/community\/massimiliano-straccia\/","url":"https:\/\/polifactory.test.polimi.it\/community\/massimiliano-straccia\/","name":"Massimiliano Straccia - Polifactory","isPartOf":{"@id":"https:\/\/polifactory.test.polimi.it\/#website"},"primaryImageOfPage":{"@id":"https:\/\/polifactory.test.polimi.it\/community\/massimiliano-straccia\/#primaryimage"},"image":{"@id":"https:\/\/polifactory.test.polimi.it\/community\/massimiliano-straccia\/#primaryimage"},"thumbnailUrl":"https:\/\/polifactory.test.polimi.it\/wp-content\/uploads\/2017\/10\/massimiliano_stracciabn.jpg","datePublished":"2017-10-05T13:42:22+00:00","dateModified":"2025-03-13T16:22:27+00:00","inLanguage":"en-US","potentialAction":[{"@type":"ReadAction","target":["https:\/\/polifactory.test.polimi.it\/community\/massimiliano-straccia\/"]}]},{"@type":"ImageObject","inLanguage":"en-US","@id":"https:\/\/polifactory.test.polimi.it\/community\/massimiliano-straccia\/#primaryimage","url":"https:\/\/polifactory.test.polimi.it\/wp-content\/uploads\/2017\/10\/massimiliano_stracciabn.jpg","contentUrl":"https:\/\/polifactory.test.polimi.it\/wp-content\/uploads\/2017\/10\/massimiliano_stracciabn.jpg","width":1000,"height":1000},{"@type":"WebSite","@id":"https:\/\/polifactory.test.polimi.it\/#website","url":"https:\/\/polifactory.test.polimi.it\/","name":"Polifactory","description":"Il makerspace-fablab del Politecnico di Milano","publisher":{"@id":"https:\/\/polifactory.test.polimi.it\/#organization"},"potentialAction":[{"@type":"SearchAction","target":{"@type":"EntryPoint","urlTemplate":"https:\/\/polifactory.test.polimi.it\/?s={search_term_string}"},"query-input":{"@type":"PropertyValueSpecification","valueRequired":true,"valueName":"search_term_string"}}],"inLanguage":"en-US"},{"@type":"Organization","@id":"https:\/\/polifactory.test.polimi.it\/#organization","name":"Polifactory","url":"https:\/\/polifactory.test.polimi.it\/","logo":{"@type":"ImageObject","inLanguage":"en-US","@id":"https:\/\/polifactory.test.polimi.it\/#\/schema\/logo\/image\/","url":"https:\/\/polifactory.test.polimi.it\/wp-content\/uploads\/2025\/02\/Logo_Black_White.png","contentUrl":"https:\/\/polifactory.test.polimi.it\/wp-content\/uploads\/2025\/02\/Logo_Black_White.png","width":600,"height":600,"caption":"Polifactory"},"image":{"@id":"https:\/\/polifactory.test.polimi.it\/#\/schema\/logo\/image\/"},"sameAs":["https:\/\/www.facebook.com\/polifactory","https:\/\/www.linkedin.com\/company\/polifactory-polimi\/","https:\/\/www.instagram.com\/polifactorypolimi\/"]}]}},"_links":{"self":[{"href":"https:\/\/polifactory.test.polimi.it\/en\/wp-json\/wp\/v2\/community\/3935","targetHints":{"allow":["GET"]}}],"collection":[{"href":"https:\/\/polifactory.test.polimi.it\/en\/wp-json\/wp\/v2\/community"}],"about":[{"href":"https:\/\/polifactory.test.polimi.it\/en\/wp-json\/wp\/v2\/types\/community"}],"wp:featuredmedia":[{"embeddable":true,"href":"https:\/\/polifactory.test.polimi.it\/en\/wp-json\/wp\/v2\/media\/3936"}],"wp:attachment":[{"href":"https:\/\/polifactory.test.polimi.it\/en\/wp-json\/wp\/v2\/media?parent=3935"}],"wp:term":[{"taxonomy":"category","embeddable":true,"href":"https:\/\/polifactory.test.polimi.it\/en\/wp-json\/wp\/v2\/categories?post=3935"},{"taxonomy":"post_tag","embeddable":true,"href":"https:\/\/polifactory.test.polimi.it\/en\/wp-json\/wp\/v2\/tags?post=3935"}],"curies":[{"name":"wp","href":"https:\/\/api.w.org\/{rel}","templated":true}]}}

<p><span style="font-weight: 400;">Nato a Treviglio (BG) nel 1993. Dopo  aver ottenuto la qualifica di geometra, Massimiliano, da sempre appassionato nel progettare e soprattutto realizzare prodotti, si iscrive al corso di Laurea di primo livello in Design del Prodotto Industriale. Nel corso del triennio ha avuto la possibilità di maturare esperienza nell’ambito, presentando i suoi prodotti ad aziende come Arbre Magique oppure esibendoli in mostre come “Resetting and reshaping” al Politecnico di Milano e “Design per Artshop e Bookshop” al MAXXI di Roma. Attualmente è laureando in Design&amp;Engineering e lavora come product designer presso l’azienda KAWE srl.</span></p>
<p><strong>Water Ionizer.</strong></p>
<p><span style="font-weight: 400;">Il progetto che Massimilano sta sviluppando riguarda la realizzazione di un dispositivo portatile per la ionizzazione dell’acqua potabile. Scopo del lavoro è quello di estendere le potenzialità già note dello ionizzatore ed adattarle a contesti che non permettono l’allaccio ad una rete idrica domestica quali aree naturali, lunghi tragitti o semplicemente normali gite fuori porta. Il progetto nasce dall’analisi di un trend che si è sviluppato recentemente sulla ricerca di uno stile di vita sano. Ormai tutti cercano il modo più efficace per restare in forma, sperimentando vari tipi di regimi alimentari e praticando moltissimo sport. Tra tutti gli sport, l’attività fisica all’aperto sta riscontrando maggiore successo, in quanto molto più adattabile alle esigenze di chi la pratica. Partendo dall’influenza del pH nel cibo e dalle conseguenze sui risultati sportivi, è stata sviluppata un’attenta ricerca mirata a capire se la ionizzazione portatile possa essere una mossa vincente all’interno del mercato, utilizzando un target più ampio rispetto al singolo atleta professionista. Il prodotto avrà quindi la forma e le dimensioni di una borraccia, in cui verrà integrata una parte elettronica collegata a quattro elettrodi, che garantirà all’utente la possibilità di poter bere acqua alcalina anche al di fuori dell’ambiente domestico.</span></p>
