{"id":3897,"date":"2025-03-13T16:28:33","date_gmt":"2025-03-13T16:28:33","guid":{"rendered":"http:\/\/polifactory.test.polimi.it\/?post_type=communitypolifactory&#038;p=3897"},"modified":"2025-03-13T16:28:33","modified_gmt":"2025-03-13T16:28:33","slug":"michele-armellini-2","status":"publish","type":"community","link":"https:\/\/polifactory.test.polimi.it\/en\/community\/michele-armellini-2\/","title":{"rendered":"Michele Armellini"},"content":{"rendered":"<p>Michele \u00e8 un eclettico designer toscano. Nel 2013 ottiene la Laurea di primo livello in Disegno Industriale alla Facolt\u00e0 di Architettura dell&#8217;Universit\u00e0 degli Studi di Firenze. Nello stesso anno si iscrive al Corso di Laurea Magistrale in Design del Prodotto per l&#8217;Innovazione al Politecnico di Milano, dove si laurea nell&#8217;aprile 2016.<\/p>\n<p>&nbsp;<\/p>\n<p><strong>Refurnished. Una piattaforma collaborativa per la riparazione degli oggetti.<\/strong><\/p>\n<p><span style=\"font-weight: 400;\">I rapporti tra le persone, il mercato e la progettazione si stanno modificando radicalmente anche grazie alle innovazioni nel campo delle comunicazioni. Attraverso internet \u00e8 diventato possibile auto-gestire le transazioni di beni e servizi senza intermediari, dando vita ad un nuovo modello economico fondato sulla condivisione. All\u2019interno della \u201cshared economy\u201d il valore della propriet\u00e0, che aveva caratterizzato i secoli XIX e XX perde di significato, lasciando spazio ad un sistema Adhocratico, in cui tutti hanno la possibilit\u00e0 di usufruire di un bene o di un servizio solamente quando ne hanno bisogno. Queste caratteristiche si rispecchiano anche nella sfera progettuale: la propriet\u00e0 intellettuale cede il posto all\u2019attribuzione intellettuale. La condivisione dei progetti facilita il processo d\u2019innovazione collettiva, permettendo a chiunque di contribuire, grazie alla digitalizzazione dei processi progettuali e produttivi. Durante lo sviluppo di questa ricerca si \u00e8 indagato il tema dell\u2019open source progettuale, definito come open design: il passaggio dalla diffusione dei bit alla diffusione degli atomi, attraverso l\u2019utilizzo della produzione diffusa. Le tecnologie di digital manufacturing consentono di processare i file digitali rendendo potenzialmente riproducibile qualsiasi artefatto in qualsiasi luogo. Applicando queste considerazioni al tema della riparazione degli oggetti, \u00e8 stato sviluppato un servizio, una piattaforma collaborativa che utilizza il design come strumento in grado di generare valore, e il cui fine ultimo \u00e8 quello di rendere gli oggetti indesiderati, di nuovo desiderabili.<\/span><\/p>\n","protected":false},"featured_media":4016,"template":"","categories":[102],"tags":[],"class_list":{"0":"post-3897","1":"community","2":"type-community","3":"status-publish","4":"has-post-thumbnail","6":"category-talents"},"acf":[],"yoast_head":"<!-- This site is optimized with the Yoast SEO plugin v27.5 - https:\/\/yoast.com\/product\/yoast-seo-wordpress\/ -->\n<title>Michele Armellini - Polifactory<\/title>\n<meta name=\"robots\" content=\"index, follow, max-snippet:-1, max-image-preview:large, max-video-preview:-1\" \/>\n<link rel=\"canonical\" href=\"https:\/\/polifactory.test.polimi.it\/community\/michele-armellini-2\/\" \/>\n<meta property=\"og:locale\" content=\"en_US\" \/>\n<meta property=\"og:type\" content=\"article\" \/>\n<meta property=\"og:title\" content=\"Michele Armellini - Polifactory\" \/>\n<meta property=\"og:description\" content=\"Michele \u00e8 un eclettico designer toscano. Nel 2013 ottiene la Laurea di primo livello in Disegno Industriale alla Facolt\u00e0 di Architettura dell&#8217;Universit\u00e0 degli Studi di Firenze. Nello stesso anno si...\" \/>\n<meta property=\"og:url\" content=\"https:\/\/polifactory.test.polimi.it\/community\/michele-armellini-2\/\" \/>\n<meta property=\"og:site_name\" content=\"Polifactory\" \/>\n<meta property=\"article:publisher\" content=\"https:\/\/www.facebook.com\/polifactory\" \/>\n<meta property=\"og:image\" content=\"https:\/\/polifactory.test.polimi.it\/wp-content\/uploads\/2017\/10\/michele_armellini.jpg\" \/>\n\t<meta property=\"og:image:width\" content=\"2048\" \/>\n\t<meta property=\"og:image:height\" content=\"2048\" \/>\n\t<meta property=\"og:image:type\" content=\"image\/jpeg\" \/>\n<meta name=\"twitter:card\" content=\"summary_large_image\" \/>\n<meta name=\"twitter:label1\" content=\"Est. reading time\" \/>\n\t<meta name=\"twitter:data1\" content=\"1 minute\" \/>\n<script type=\"application\/ld+json\" class=\"yoast-schema-graph\">{\"@context\":\"https:\\\/\\\/schema.org\",\"@graph\":[{\"@type\":\"WebPage\",\"@id\":\"https:\\\/\\\/polifactory.test.polimi.it\\\/community\\\/michele-armellini-2\\\/\",\"url\":\"https:\\\/\\\/polifactory.test.polimi.it\\\/community\\\/michele-armellini-2\\\/\",\"name\":\"Michele Armellini - Polifactory\",\"isPartOf\":{\"@id\":\"https:\\\/\\\/polifactory.test.polimi.it\\\/#website\"},\"primaryImageOfPage\":{\"@id\":\"https:\\\/\\\/polifactory.test.polimi.it\\\/community\\\/michele-armellini-2\\\/#primaryimage\"},\"image\":{\"@id\":\"https:\\\/\\\/polifactory.test.polimi.it\\\/community\\\/michele-armellini-2\\\/#primaryimage\"},\"thumbnailUrl\":\"https:\\\/\\\/polifactory.test.polimi.it\\\/wp-content\\\/uploads\\\/2017\\\/10\\\/michele_armellini.jpg\",\"datePublished\":\"2025-03-13T16:28:33+00:00\",\"inLanguage\":\"en-US\",\"potentialAction\":[{\"@type\":\"ReadAction\",\"target\":[\"https:\\\/\\\/polifactory.test.polimi.it\\\/community\\\/michele-armellini-2\\\/\"]}]},{\"@type\":\"ImageObject\",\"inLanguage\":\"en-US\",\"@id\":\"https:\\\/\\\/polifactory.test.polimi.it\\\/community\\\/michele-armellini-2\\\/#primaryimage\",\"url\":\"https:\\\/\\\/polifactory.test.polimi.it\\\/wp-content\\\/uploads\\\/2017\\\/10\\\/michele_armellini.jpg\",\"contentUrl\":\"https:\\\/\\\/polifactory.test.polimi.it\\\/wp-content\\\/uploads\\\/2017\\\/10\\\/michele_armellini.jpg\",\"width\":2048,\"height\":2048},{\"@type\":\"WebSite\",\"@id\":\"https:\\\/\\\/polifactory.test.polimi.it\\\/#website\",\"url\":\"https:\\\/\\\/polifactory.test.polimi.it\\\/\",\"name\":\"Polifactory\",\"description\":\"Il makerspace-fablab del Politecnico di Milano\",\"publisher\":{\"@id\":\"https:\\\/\\\/polifactory.test.polimi.it\\\/#organization\"},\"potentialAction\":[{\"@type\":\"SearchAction\",\"target\":{\"@type\":\"EntryPoint\",\"urlTemplate\":\"https:\\\/\\\/polifactory.test.polimi.it\\\/?s={search_term_string}\"},\"query-input\":{\"@type\":\"PropertyValueSpecification\",\"valueRequired\":true,\"valueName\":\"search_term_string\"}}],\"inLanguage\":\"en-US\"},{\"@type\":\"Organization\",\"@id\":\"https:\\\/\\\/polifactory.test.polimi.it\\\/#organization\",\"name\":\"Polifactory\",\"url\":\"https:\\\/\\\/polifactory.test.polimi.it\\\/\",\"logo\":{\"@type\":\"ImageObject\",\"inLanguage\":\"en-US\",\"@id\":\"https:\\\/\\\/polifactory.test.polimi.it\\\/#\\\/schema\\\/logo\\\/image\\\/\",\"url\":\"https:\\\/\\\/polifactory.test.polimi.it\\\/wp-content\\\/uploads\\\/2025\\\/02\\\/Logo_Black_White.png\",\"contentUrl\":\"https:\\\/\\\/polifactory.test.polimi.it\\\/wp-content\\\/uploads\\\/2025\\\/02\\\/Logo_Black_White.png\",\"width\":600,\"height\":600,\"caption\":\"Polifactory\"},\"image\":{\"@id\":\"https:\\\/\\\/polifactory.test.polimi.it\\\/#\\\/schema\\\/logo\\\/image\\\/\"},\"sameAs\":[\"https:\\\/\\\/www.facebook.com\\\/polifactory\",\"https:\\\/\\\/www.linkedin.com\\\/company\\\/polifactory-polimi\\\/\",\"https:\\\/\\\/www.instagram.com\\\/polifactorypolimi\\\/\"]}]}<\/script>\n<!-- \/ Yoast SEO plugin. -->","yoast_head_json":{"title":"Michele Armellini - Polifactory","robots":{"index":"index","follow":"follow","max-snippet":"max-snippet:-1","max-image-preview":"max-image-preview:large","max-video-preview":"max-video-preview:-1"},"canonical":"https:\/\/polifactory.test.polimi.it\/community\/michele-armellini-2\/","og_locale":"en_US","og_type":"article","og_title":"Michele Armellini - Polifactory","og_description":"Michele \u00e8 un eclettico designer toscano. Nel 2013 ottiene la Laurea di primo livello in Disegno Industriale alla Facolt\u00e0 di Architettura dell&#8217;Universit\u00e0 degli Studi di Firenze. Nello stesso anno si...","og_url":"https:\/\/polifactory.test.polimi.it\/community\/michele-armellini-2\/","og_site_name":"Polifactory","article_publisher":"https:\/\/www.facebook.com\/polifactory","og_image":[{"width":2048,"height":2048,"url":"https:\/\/polifactory.test.polimi.it\/wp-content\/uploads\/2017\/10\/michele_armellini.jpg","type":"image\/jpeg"}],"twitter_card":"summary_large_image","twitter_misc":{"Est. reading time":"1 minute"},"schema":{"@context":"https:\/\/schema.org","@graph":[{"@type":"WebPage","@id":"https:\/\/polifactory.test.polimi.it\/community\/michele-armellini-2\/","url":"https:\/\/polifactory.test.polimi.it\/community\/michele-armellini-2\/","name":"Michele Armellini - Polifactory","isPartOf":{"@id":"https:\/\/polifactory.test.polimi.it\/#website"},"primaryImageOfPage":{"@id":"https:\/\/polifactory.test.polimi.it\/community\/michele-armellini-2\/#primaryimage"},"image":{"@id":"https:\/\/polifactory.test.polimi.it\/community\/michele-armellini-2\/#primaryimage"},"thumbnailUrl":"https:\/\/polifactory.test.polimi.it\/wp-content\/uploads\/2017\/10\/michele_armellini.jpg","datePublished":"2025-03-13T16:28:33+00:00","inLanguage":"en-US","potentialAction":[{"@type":"ReadAction","target":["https:\/\/polifactory.test.polimi.it\/community\/michele-armellini-2\/"]}]},{"@type":"ImageObject","inLanguage":"en-US","@id":"https:\/\/polifactory.test.polimi.it\/community\/michele-armellini-2\/#primaryimage","url":"https:\/\/polifactory.test.polimi.it\/wp-content\/uploads\/2017\/10\/michele_armellini.jpg","contentUrl":"https:\/\/polifactory.test.polimi.it\/wp-content\/uploads\/2017\/10\/michele_armellini.jpg","width":2048,"height":2048},{"@type":"WebSite","@id":"https:\/\/polifactory.test.polimi.it\/#website","url":"https:\/\/polifactory.test.polimi.it\/","name":"Polifactory","description":"Il makerspace-fablab del Politecnico di Milano","publisher":{"@id":"https:\/\/polifactory.test.polimi.it\/#organization"},"potentialAction":[{"@type":"SearchAction","target":{"@type":"EntryPoint","urlTemplate":"https:\/\/polifactory.test.polimi.it\/?s={search_term_string}"},"query-input":{"@type":"PropertyValueSpecification","valueRequired":true,"valueName":"search_term_string"}}],"inLanguage":"en-US"},{"@type":"Organization","@id":"https:\/\/polifactory.test.polimi.it\/#organization","name":"Polifactory","url":"https:\/\/polifactory.test.polimi.it\/","logo":{"@type":"ImageObject","inLanguage":"en-US","@id":"https:\/\/polifactory.test.polimi.it\/#\/schema\/logo\/image\/","url":"https:\/\/polifactory.test.polimi.it\/wp-content\/uploads\/2025\/02\/Logo_Black_White.png","contentUrl":"https:\/\/polifactory.test.polimi.it\/wp-content\/uploads\/2025\/02\/Logo_Black_White.png","width":600,"height":600,"caption":"Polifactory"},"image":{"@id":"https:\/\/polifactory.test.polimi.it\/#\/schema\/logo\/image\/"},"sameAs":["https:\/\/www.facebook.com\/polifactory","https:\/\/www.linkedin.com\/company\/polifactory-polimi\/","https:\/\/www.instagram.com\/polifactorypolimi\/"]}]}},"_links":{"self":[{"href":"https:\/\/polifactory.test.polimi.it\/en\/wp-json\/wp\/v2\/community\/3897","targetHints":{"allow":["GET"]}}],"collection":[{"href":"https:\/\/polifactory.test.polimi.it\/en\/wp-json\/wp\/v2\/community"}],"about":[{"href":"https:\/\/polifactory.test.polimi.it\/en\/wp-json\/wp\/v2\/types\/community"}],"wp:featuredmedia":[{"embeddable":true,"href":"https:\/\/polifactory.test.polimi.it\/en\/wp-json\/wp\/v2\/media\/4016"}],"wp:attachment":[{"href":"https:\/\/polifactory.test.polimi.it\/en\/wp-json\/wp\/v2\/media?parent=3897"}],"wp:term":[{"taxonomy":"category","embeddable":true,"href":"https:\/\/polifactory.test.polimi.it\/en\/wp-json\/wp\/v2\/categories?post=3897"},{"taxonomy":"post_tag","embeddable":true,"href":"https:\/\/polifactory.test.polimi.it\/en\/wp-json\/wp\/v2\/tags?post=3897"}],"curies":[{"name":"wp","href":"https:\/\/api.w.org\/{rel}","templated":true}]}}

<p>Michele è un eclettico designer toscano. Nel 2013 ottiene la Laurea di primo livello in Disegno Industriale alla Facoltà di Architettura dell&#8217;Università degli Studi di Firenze. Nello stesso anno si iscrive al Corso di Laurea Magistrale in Design del Prodotto per l&#8217;Innovazione al Politecnico di Milano, dove si laurea nell&#8217;aprile 2016.</p>
<p>&nbsp;</p>
<p><strong>Refurnished. Una piattaforma collaborativa per la riparazione degli oggetti.</strong></p>
<p><span style="font-weight: 400;">I rapporti tra le persone, il mercato e la progettazione si stanno modificando radicalmente anche grazie alle innovazioni nel campo delle comunicazioni. Attraverso internet è diventato possibile auto-gestire le transazioni di beni e servizi senza intermediari, dando vita ad un nuovo modello economico fondato sulla condivisione. All’interno della “shared economy” il valore della proprietà, che aveva caratterizzato i secoli XIX e XX perde di significato, lasciando spazio ad un sistema Adhocratico, in cui tutti hanno la possibilità di usufruire di un bene o di un servizio solamente quando ne hanno bisogno. Queste caratteristiche si rispecchiano anche nella sfera progettuale: la proprietà intellettuale cede il posto all’attribuzione intellettuale. La condivisione dei progetti facilita il processo d’innovazione collettiva, permettendo a chiunque di contribuire, grazie alla digitalizzazione dei processi progettuali e produttivi. Durante lo sviluppo di questa ricerca si è indagato il tema dell’open source progettuale, definito come open design: il passaggio dalla diffusione dei bit alla diffusione degli atomi, attraverso l’utilizzo della produzione diffusa. Le tecnologie di digital manufacturing consentono di processare i file digitali rendendo potenzialmente riproducibile qualsiasi artefatto in qualsiasi luogo. Applicando queste considerazioni al tema della riparazione degli oggetti, è stato sviluppato un servizio, una piattaforma collaborativa che utilizza il design come strumento in grado di generare valore, e il cui fine ultimo è quello di rendere gli oggetti indesiderati, di nuovo desiderabili.</span></p>

<!-- This site is optimized with the Yoast SEO plugin v27.5 - https://yoast.com/product/yoast-seo-wordpress/ -->
<title>Michele Armellini - Polifactory</title>
<meta name="robots" content="index, follow, max-snippet:-1, max-image-preview:large, max-video-preview:-1" />
<link rel="canonical" href="https://polifactory.test.polimi.it/community/michele-armellini-2/" />
<meta property="og:locale" content="en_US" />
<meta property="og:type" content="article" />
<meta property="og:title" content="Michele Armellini - Polifactory" />
<meta property="og:description" content="Michele è un eclettico designer toscano. Nel 2013 ottiene la Laurea di primo livello in Disegno Industriale alla Facoltà di Architettura dell&#8217;Università degli Studi di Firenze. Nello stesso anno si..." />
<meta property="og:url" content="https://polifactory.test.polimi.it/community/michele-armellini-2/" />
<meta property="og:site_name" content="Polifactory" />
<meta property="article:publisher" content="https://www.facebook.com/polifactory" />
<meta property="og:image" content="https://polifactory.test.polimi.it/wp-content/uploads/2017/10/michele_armellini.jpg" />
	<meta property="og:image:width" content="2048" />
	<meta property="og:image:height" content="2048" />
	<meta property="og:image:type" content="image/jpeg" />
<meta name="twitter:card" content="summary_large_image" />
<meta name="twitter:label1" content="Est. reading time" />
	<meta name="twitter:data1" content="1 minute" />
<script type="application/ld+json" class="yoast-schema-graph">{"@context":"https:\/\/schema.org","@graph":[{"@type":"WebPage","@id":"https:\/\/polifactory.test.polimi.it\/community\/michele-armellini-2\/","url":"https:\/\/polifactory.test.polimi.it\/community\/michele-armellini-2\/","name":"Michele Armellini - Polifactory","isPartOf":{"@id":"https:\/\/polifactory.test.polimi.it\/#website"},"primaryImageOfPage":{"@id":"https:\/\/polifactory.test.polimi.it\/community\/michele-armellini-2\/#primaryimage"},"image":{"@id":"https:\/\/polifactory.test.polimi.it\/community\/michele-armellini-2\/#primaryimage"},"thumbnailUrl":"https:\/\/polifactory.test.polimi.it\/wp-content\/uploads\/2017\/10\/michele_armellini.jpg","datePublished":"2025-03-13T16:28:33+00:00","inLanguage":"en-US","potentialAction":[{"@type":"ReadAction","target":["https:\/\/polifactory.test.polimi.it\/community\/michele-armellini-2\/"]}]},{"@type":"ImageObject","inLanguage":"en-US","@id":"https:\/\/polifactory.test.polimi.it\/community\/michele-armellini-2\/#primaryimage","url":"https:\/\/polifactory.test.polimi.it\/wp-content\/uploads\/2017\/10\/michele_armellini.jpg","contentUrl":"https:\/\/polifactory.test.polimi.it\/wp-content\/uploads\/2017\/10\/michele_armellini.jpg","width":2048,"height":2048},{"@type":"WebSite","@id":"https:\/\/polifactory.test.polimi.it\/#website","url":"https:\/\/polifactory.test.polimi.it\/","name":"Polifactory","description":"Il makerspace-fablab del Politecnico di Milano","publisher":{"@id":"https:\/\/polifactory.test.polimi.it\/#organization"},"potentialAction":[{"@type":"SearchAction","target":{"@type":"EntryPoint","urlTemplate":"https:\/\/polifactory.test.polimi.it\/?s={search_term_string}"},"query-input":{"@type":"PropertyValueSpecification","valueRequired":true,"valueName":"search_term_string"}}],"inLanguage":"en-US"},{"@type":"Organization","@id":"https:\/\/polifactory.test.polimi.it\/#organization","name":"Polifactory","url":"https:\/\/polifactory.test.polimi.it\/","logo":{"@type":"ImageObject","inLanguage":"en-US","@id":"https:\/\/polifactory.test.polimi.it\/#\/schema\/logo\/image\/","url":"https:\/\/polifactory.test.polimi.it\/wp-content\/uploads\/2025\/02\/Logo_Black_White.png","contentUrl":"https:\/\/polifactory.test.polimi.it\/wp-content\/uploads\/2025\/02\/Logo_Black_White.png","width":600,"height":600,"caption":"Polifactory"},"image":{"@id":"https:\/\/polifactory.test.polimi.it\/#\/schema\/logo\/image\/"},"sameAs":["https:\/\/www.facebook.com\/polifactory","https:\/\/www.linkedin.com\/company\/polifactory-polimi\/","https:\/\/www.instagram.com\/polifactorypolimi\/"]}]}</script>
<!-- / Yoast SEO plugin. -->

Michele è un eclettico designer toscano. Nel 2013 ottiene la Laurea di primo livello in Disegno Industriale alla Facoltà di Architettura dell&#8217;Università degli Studi di Firenze. Nello stesso anno si...
