{"id":1446,"date":"2016-07-05T12:48:29","date_gmt":"2016-07-05T12:48:29","guid":{"rendered":"http:\/\/polifactory.test.polimi.it\/?post_type=communitypolifactory&#038;p=1446"},"modified":"2025-03-13T16:22:29","modified_gmt":"2025-03-13T16:22:29","slug":"stefan-lechner","status":"publish","type":"community","link":"https:\/\/polifactory.test.polimi.it\/en\/community\/stefan-lechner\/","title":{"rendered":"Stefan Lechner"},"content":{"rendered":"<p><span style=\"font-weight: 400;\">Stefan Lechner, dopo aver conseguito la Laurea triennale in Austria, Frequenta il corso di Laurea Magistrale in Design del Prodotto per l\u2019Innovazione al Politecnico di Milano. La vivacit\u00e0 del design milanese e la presenza tangibile della storia del design italiano gli hanno permesso di perfezionare le sue affinit\u00e0 per le qualit\u00e0 scultoree e per l\u2019estetica degli oggetti. In mancanza delle montagne e degli sci si diverte osservando le finezze linguistiche e culinarie della cultura italiana.<\/span><\/p>\n<p>&nbsp;<\/p>\n<p><b>Progetto sviluppato in Polifactory:<br \/>\n&#8220;L\u2019integrazione del bambino in un sistema contemporaneo del bike sharing. Analisi contestuale seguita da una proposta progettuale per una famiglia di biciclette pubbliche da bambino.&#8221;<\/b><\/p>\n<p><span style=\"font-weight: 400;\">Gli sviluppi tecnologici dei mezzi di trasporto, cos\u00ec come la loro interconnessione, aumentano l\u2019efficienza e la velocit\u00e0, consentendo alle citt\u00e0 di sviluppare centri residenziali decentrati. Il risultato \u00e8 una distribuzione pi\u00f9 omogenea della popolazione nell\u2019area urbana, con la realizzazione di centri piccoli nelle zone pi\u00f9 periferiche. Il trasporto locale all\u2019interno e tra questi centri piccoli segue dinamiche diverse rispetto alle reti pubbliche di grandi dimensioni, dando l\u2019occasione a sistemi flessibili come il car e bike sharing di affermarsi quali valide alternative al trasporto pubblico tradizionale. Fino ad oggi i bambini sono stati presi in considerazione solo parzialmente nella progettazione di questi sistemi, demandando completamente ai genitori la scelta del mezzo di trasporto. Questa tesi relaziona continuamente le esigenze specifiche dei bambini alle circostanze speciali in ambienti urbani in crescita, alle possibilit\u00e0 offerte dalla Sharing Economy e all\u2019impatto sociale di un potenziale boom della cultura ciclistica. Nella ricerca si \u00e8 cercato di non trascurare le idee e le convinzioni dei bambini stessi, motivo per cui si \u00e8 proceduto ad effettuare una serie di workshop interattivi, applicando varie tecniche del Participatory Design. Come risultato si ha la proposta concreta di una famiglia di biciclette a misura di bambino, ideata per essere integrata nei servizi bike sharing contemporanei. Oltre a progettare la gamma di prodotti fisici, si \u00e8 cercato di tenere conto degli aspetti pi\u00f9 astratti esistenti intorno al sistema prodotto-servizio. La ricerca e le analisi incentrate su vari temi legati al binomio bambino-bicicletta costituiscono la base teorica della parte concettuale e tecnica del progetto. Le idee elaborate dai bambini nell\u2019ambito dei workshop sono state una base importante e in parte, per quanto possibile, sono state applicate.<\/span><\/p>\n","protected":false},"featured_media":3530,"template":"","categories":[102],"tags":[],"class_list":{"0":"post-1446","1":"community","2":"type-community","3":"status-publish","4":"has-post-thumbnail","6":"category-talents"},"acf":[],"yoast_head":"<!-- This site is optimized with the Yoast SEO plugin v27.5 - https:\/\/yoast.com\/product\/yoast-seo-wordpress\/ -->\n<title>Stefan Lechner - Polifactory<\/title>\n<meta name=\"robots\" content=\"index, follow, max-snippet:-1, max-image-preview:large, max-video-preview:-1\" \/>\n<link rel=\"canonical\" href=\"https:\/\/polifactory.test.polimi.it\/community\/stefan-lechner\/\" \/>\n<meta property=\"og:locale\" content=\"en_US\" \/>\n<meta property=\"og:type\" content=\"article\" \/>\n<meta property=\"og:title\" content=\"Stefan Lechner - Polifactory\" \/>\n<meta property=\"og:description\" content=\"Stefan Lechner, dopo aver conseguito la Laurea triennale in Austria, Frequenta il corso di Laurea Magistrale in Design del Prodotto per l\u2019Innovazione al Politecnico di Milano. La vivacit\u00e0 del design...\" \/>\n<meta property=\"og:url\" content=\"https:\/\/polifactory.test.polimi.it\/community\/stefan-lechner\/\" \/>\n<meta property=\"og:site_name\" content=\"Polifactory\" \/>\n<meta property=\"article:publisher\" content=\"https:\/\/www.facebook.com\/polifactory\" \/>\n<meta property=\"article:modified_time\" content=\"2025-03-13T16:22:29+00:00\" \/>\n<meta property=\"og:image\" content=\"https:\/\/polifactory.test.polimi.it\/wp-content\/uploads\/2017\/09\/stefan-lechner-min.jpg\" \/>\n\t<meta property=\"og:image:width\" content=\"300\" \/>\n\t<meta property=\"og:image:height\" content=\"300\" \/>\n\t<meta property=\"og:image:type\" content=\"image\/jpeg\" \/>\n<meta name=\"twitter:card\" content=\"summary_large_image\" \/>\n<meta name=\"twitter:label1\" content=\"Est. reading time\" \/>\n\t<meta name=\"twitter:data1\" content=\"2 minutes\" \/>\n<script type=\"application\/ld+json\" class=\"yoast-schema-graph\">{\"@context\":\"https:\\\/\\\/schema.org\",\"@graph\":[{\"@type\":\"WebPage\",\"@id\":\"https:\\\/\\\/polifactory.test.polimi.it\\\/community\\\/stefan-lechner\\\/\",\"url\":\"https:\\\/\\\/polifactory.test.polimi.it\\\/community\\\/stefan-lechner\\\/\",\"name\":\"Stefan Lechner - Polifactory\",\"isPartOf\":{\"@id\":\"https:\\\/\\\/polifactory.test.polimi.it\\\/#website\"},\"primaryImageOfPage\":{\"@id\":\"https:\\\/\\\/polifactory.test.polimi.it\\\/community\\\/stefan-lechner\\\/#primaryimage\"},\"image\":{\"@id\":\"https:\\\/\\\/polifactory.test.polimi.it\\\/community\\\/stefan-lechner\\\/#primaryimage\"},\"thumbnailUrl\":\"https:\\\/\\\/polifactory.test.polimi.it\\\/wp-content\\\/uploads\\\/2017\\\/09\\\/stefan-lechner-min.jpg\",\"datePublished\":\"2016-07-05T12:48:29+00:00\",\"dateModified\":\"2025-03-13T16:22:29+00:00\",\"inLanguage\":\"en-US\",\"potentialAction\":[{\"@type\":\"ReadAction\",\"target\":[\"https:\\\/\\\/polifactory.test.polimi.it\\\/community\\\/stefan-lechner\\\/\"]}]},{\"@type\":\"ImageObject\",\"inLanguage\":\"en-US\",\"@id\":\"https:\\\/\\\/polifactory.test.polimi.it\\\/community\\\/stefan-lechner\\\/#primaryimage\",\"url\":\"https:\\\/\\\/polifactory.test.polimi.it\\\/wp-content\\\/uploads\\\/2017\\\/09\\\/stefan-lechner-min.jpg\",\"contentUrl\":\"https:\\\/\\\/polifactory.test.polimi.it\\\/wp-content\\\/uploads\\\/2017\\\/09\\\/stefan-lechner-min.jpg\",\"width\":300,\"height\":300},{\"@type\":\"WebSite\",\"@id\":\"https:\\\/\\\/polifactory.test.polimi.it\\\/#website\",\"url\":\"https:\\\/\\\/polifactory.test.polimi.it\\\/\",\"name\":\"Polifactory\",\"description\":\"Il makerspace-fablab del Politecnico di Milano\",\"publisher\":{\"@id\":\"https:\\\/\\\/polifactory.test.polimi.it\\\/#organization\"},\"potentialAction\":[{\"@type\":\"SearchAction\",\"target\":{\"@type\":\"EntryPoint\",\"urlTemplate\":\"https:\\\/\\\/polifactory.test.polimi.it\\\/?s={search_term_string}\"},\"query-input\":{\"@type\":\"PropertyValueSpecification\",\"valueRequired\":true,\"valueName\":\"search_term_string\"}}],\"inLanguage\":\"en-US\"},{\"@type\":\"Organization\",\"@id\":\"https:\\\/\\\/polifactory.test.polimi.it\\\/#organization\",\"name\":\"Polifactory\",\"url\":\"https:\\\/\\\/polifactory.test.polimi.it\\\/\",\"logo\":{\"@type\":\"ImageObject\",\"inLanguage\":\"en-US\",\"@id\":\"https:\\\/\\\/polifactory.test.polimi.it\\\/#\\\/schema\\\/logo\\\/image\\\/\",\"url\":\"https:\\\/\\\/polifactory.test.polimi.it\\\/wp-content\\\/uploads\\\/2025\\\/02\\\/Logo_Black_White.png\",\"contentUrl\":\"https:\\\/\\\/polifactory.test.polimi.it\\\/wp-content\\\/uploads\\\/2025\\\/02\\\/Logo_Black_White.png\",\"width\":600,\"height\":600,\"caption\":\"Polifactory\"},\"image\":{\"@id\":\"https:\\\/\\\/polifactory.test.polimi.it\\\/#\\\/schema\\\/logo\\\/image\\\/\"},\"sameAs\":[\"https:\\\/\\\/www.facebook.com\\\/polifactory\",\"https:\\\/\\\/www.linkedin.com\\\/company\\\/polifactory-polimi\\\/\",\"https:\\\/\\\/www.instagram.com\\\/polifactorypolimi\\\/\"]}]}<\/script>\n<!-- \/ Yoast SEO plugin. -->","yoast_head_json":{"title":"Stefan Lechner - Polifactory","robots":{"index":"index","follow":"follow","max-snippet":"max-snippet:-1","max-image-preview":"max-image-preview:large","max-video-preview":"max-video-preview:-1"},"canonical":"https:\/\/polifactory.test.polimi.it\/community\/stefan-lechner\/","og_locale":"en_US","og_type":"article","og_title":"Stefan Lechner - Polifactory","og_description":"Stefan Lechner, dopo aver conseguito la Laurea triennale in Austria, Frequenta il corso di Laurea Magistrale in Design del Prodotto per l\u2019Innovazione al Politecnico di Milano. La vivacit\u00e0 del design...","og_url":"https:\/\/polifactory.test.polimi.it\/community\/stefan-lechner\/","og_site_name":"Polifactory","article_publisher":"https:\/\/www.facebook.com\/polifactory","article_modified_time":"2025-03-13T16:22:29+00:00","og_image":[{"width":300,"height":300,"url":"https:\/\/polifactory.test.polimi.it\/wp-content\/uploads\/2017\/09\/stefan-lechner-min.jpg","type":"image\/jpeg"}],"twitter_card":"summary_large_image","twitter_misc":{"Est. reading time":"2 minutes"},"schema":{"@context":"https:\/\/schema.org","@graph":[{"@type":"WebPage","@id":"https:\/\/polifactory.test.polimi.it\/community\/stefan-lechner\/","url":"https:\/\/polifactory.test.polimi.it\/community\/stefan-lechner\/","name":"Stefan Lechner - Polifactory","isPartOf":{"@id":"https:\/\/polifactory.test.polimi.it\/#website"},"primaryImageOfPage":{"@id":"https:\/\/polifactory.test.polimi.it\/community\/stefan-lechner\/#primaryimage"},"image":{"@id":"https:\/\/polifactory.test.polimi.it\/community\/stefan-lechner\/#primaryimage"},"thumbnailUrl":"https:\/\/polifactory.test.polimi.it\/wp-content\/uploads\/2017\/09\/stefan-lechner-min.jpg","datePublished":"2016-07-05T12:48:29+00:00","dateModified":"2025-03-13T16:22:29+00:00","inLanguage":"en-US","potentialAction":[{"@type":"ReadAction","target":["https:\/\/polifactory.test.polimi.it\/community\/stefan-lechner\/"]}]},{"@type":"ImageObject","inLanguage":"en-US","@id":"https:\/\/polifactory.test.polimi.it\/community\/stefan-lechner\/#primaryimage","url":"https:\/\/polifactory.test.polimi.it\/wp-content\/uploads\/2017\/09\/stefan-lechner-min.jpg","contentUrl":"https:\/\/polifactory.test.polimi.it\/wp-content\/uploads\/2017\/09\/stefan-lechner-min.jpg","width":300,"height":300},{"@type":"WebSite","@id":"https:\/\/polifactory.test.polimi.it\/#website","url":"https:\/\/polifactory.test.polimi.it\/","name":"Polifactory","description":"Il makerspace-fablab del Politecnico di Milano","publisher":{"@id":"https:\/\/polifactory.test.polimi.it\/#organization"},"potentialAction":[{"@type":"SearchAction","target":{"@type":"EntryPoint","urlTemplate":"https:\/\/polifactory.test.polimi.it\/?s={search_term_string}"},"query-input":{"@type":"PropertyValueSpecification","valueRequired":true,"valueName":"search_term_string"}}],"inLanguage":"en-US"},{"@type":"Organization","@id":"https:\/\/polifactory.test.polimi.it\/#organization","name":"Polifactory","url":"https:\/\/polifactory.test.polimi.it\/","logo":{"@type":"ImageObject","inLanguage":"en-US","@id":"https:\/\/polifactory.test.polimi.it\/#\/schema\/logo\/image\/","url":"https:\/\/polifactory.test.polimi.it\/wp-content\/uploads\/2025\/02\/Logo_Black_White.png","contentUrl":"https:\/\/polifactory.test.polimi.it\/wp-content\/uploads\/2025\/02\/Logo_Black_White.png","width":600,"height":600,"caption":"Polifactory"},"image":{"@id":"https:\/\/polifactory.test.polimi.it\/#\/schema\/logo\/image\/"},"sameAs":["https:\/\/www.facebook.com\/polifactory","https:\/\/www.linkedin.com\/company\/polifactory-polimi\/","https:\/\/www.instagram.com\/polifactorypolimi\/"]}]}},"_links":{"self":[{"href":"https:\/\/polifactory.test.polimi.it\/en\/wp-json\/wp\/v2\/community\/1446","targetHints":{"allow":["GET"]}}],"collection":[{"href":"https:\/\/polifactory.test.polimi.it\/en\/wp-json\/wp\/v2\/community"}],"about":[{"href":"https:\/\/polifactory.test.polimi.it\/en\/wp-json\/wp\/v2\/types\/community"}],"wp:featuredmedia":[{"embeddable":true,"href":"https:\/\/polifactory.test.polimi.it\/en\/wp-json\/wp\/v2\/media\/3530"}],"wp:attachment":[{"href":"https:\/\/polifactory.test.polimi.it\/en\/wp-json\/wp\/v2\/media?parent=1446"}],"wp:term":[{"taxonomy":"category","embeddable":true,"href":"https:\/\/polifactory.test.polimi.it\/en\/wp-json\/wp\/v2\/categories?post=1446"},{"taxonomy":"post_tag","embeddable":true,"href":"https:\/\/polifactory.test.polimi.it\/en\/wp-json\/wp\/v2\/tags?post=1446"}],"curies":[{"name":"wp","href":"https:\/\/api.w.org\/{rel}","templated":true}]}}

<p><span style="font-weight: 400;">Stefan Lechner, dopo aver conseguito la Laurea triennale in Austria, Frequenta il corso di Laurea Magistrale in Design del Prodotto per l’Innovazione al Politecnico di Milano. La vivacità del design milanese e la presenza tangibile della storia del design italiano gli hanno permesso di perfezionare le sue affinità per le qualità scultoree e per l’estetica degli oggetti. In mancanza delle montagne e degli sci si diverte osservando le finezze linguistiche e culinarie della cultura italiana.</span></p>
<p>&nbsp;</p>
<p><b>Progetto sviluppato in Polifactory:<br />
&#8220;L’integrazione del bambino in un sistema contemporaneo del bike sharing. Analisi contestuale seguita da una proposta progettuale per una famiglia di biciclette pubbliche da bambino.&#8221;</b></p>
<p><span style="font-weight: 400;">Gli sviluppi tecnologici dei mezzi di trasporto, così come la loro interconnessione, aumentano l’efficienza e la velocità, consentendo alle città di sviluppare centri residenziali decentrati. Il risultato è una distribuzione più omogenea della popolazione nell’area urbana, con la realizzazione di centri piccoli nelle zone più periferiche. Il trasporto locale all’interno e tra questi centri piccoli segue dinamiche diverse rispetto alle reti pubbliche di grandi dimensioni, dando l’occasione a sistemi flessibili come il car e bike sharing di affermarsi quali valide alternative al trasporto pubblico tradizionale. Fino ad oggi i bambini sono stati presi in considerazione solo parzialmente nella progettazione di questi sistemi, demandando completamente ai genitori la scelta del mezzo di trasporto. Questa tesi relaziona continuamente le esigenze specifiche dei bambini alle circostanze speciali in ambienti urbani in crescita, alle possibilità offerte dalla Sharing Economy e all’impatto sociale di un potenziale boom della cultura ciclistica. Nella ricerca si è cercato di non trascurare le idee e le convinzioni dei bambini stessi, motivo per cui si è proceduto ad effettuare una serie di workshop interattivi, applicando varie tecniche del Participatory Design. Come risultato si ha la proposta concreta di una famiglia di biciclette a misura di bambino, ideata per essere integrata nei servizi bike sharing contemporanei. Oltre a progettare la gamma di prodotti fisici, si è cercato di tenere conto degli aspetti più astratti esistenti intorno al sistema prodotto-servizio. La ricerca e le analisi incentrate su vari temi legati al binomio bambino-bicicletta costituiscono la base teorica della parte concettuale e tecnica del progetto. Le idee elaborate dai bambini nell’ambito dei workshop sono state una base importante e in parte, per quanto possibile, sono state applicate.</span></p>

<!-- This site is optimized with the Yoast SEO plugin v27.5 - https://yoast.com/product/yoast-seo-wordpress/ -->
<title>Stefan Lechner - Polifactory</title>
<meta name="robots" content="index, follow, max-snippet:-1, max-image-preview:large, max-video-preview:-1" />
<link rel="canonical" href="https://polifactory.test.polimi.it/community/stefan-lechner/" />
<meta property="og:locale" content="en_US" />
<meta property="og:type" content="article" />
<meta property="og:title" content="Stefan Lechner - Polifactory" />
<meta property="og:description" content="Stefan Lechner, dopo aver conseguito la Laurea triennale in Austria, Frequenta il corso di Laurea Magistrale in Design del Prodotto per l’Innovazione al Politecnico di Milano. La vivacità del design..." />
<meta property="og:url" content="https://polifactory.test.polimi.it/community/stefan-lechner/" />
<meta property="og:site_name" content="Polifactory" />
<meta property="article:publisher" content="https://www.facebook.com/polifactory" />
<meta property="article:modified_time" content="2025-03-13T16:22:29+00:00" />
<meta property="og:image" content="https://polifactory.test.polimi.it/wp-content/uploads/2017/09/stefan-lechner-min.jpg" />
	<meta property="og:image:width" content="300" />
	<meta property="og:image:height" content="300" />
	<meta property="og:image:type" content="image/jpeg" />
<meta name="twitter:card" content="summary_large_image" />
<meta name="twitter:label1" content="Est. reading time" />
	<meta name="twitter:data1" content="2 minutes" />
<script type="application/ld+json" class="yoast-schema-graph">{"@context":"https:\/\/schema.org","@graph":[{"@type":"WebPage","@id":"https:\/\/polifactory.test.polimi.it\/community\/stefan-lechner\/","url":"https:\/\/polifactory.test.polimi.it\/community\/stefan-lechner\/","name":"Stefan Lechner - Polifactory","isPartOf":{"@id":"https:\/\/polifactory.test.polimi.it\/#website"},"primaryImageOfPage":{"@id":"https:\/\/polifactory.test.polimi.it\/community\/stefan-lechner\/#primaryimage"},"image":{"@id":"https:\/\/polifactory.test.polimi.it\/community\/stefan-lechner\/#primaryimage"},"thumbnailUrl":"https:\/\/polifactory.test.polimi.it\/wp-content\/uploads\/2017\/09\/stefan-lechner-min.jpg","datePublished":"2016-07-05T12:48:29+00:00","dateModified":"2025-03-13T16:22:29+00:00","inLanguage":"en-US","potentialAction":[{"@type":"ReadAction","target":["https:\/\/polifactory.test.polimi.it\/community\/stefan-lechner\/"]}]},{"@type":"ImageObject","inLanguage":"en-US","@id":"https:\/\/polifactory.test.polimi.it\/community\/stefan-lechner\/#primaryimage","url":"https:\/\/polifactory.test.polimi.it\/wp-content\/uploads\/2017\/09\/stefan-lechner-min.jpg","contentUrl":"https:\/\/polifactory.test.polimi.it\/wp-content\/uploads\/2017\/09\/stefan-lechner-min.jpg","width":300,"height":300},{"@type":"WebSite","@id":"https:\/\/polifactory.test.polimi.it\/#website","url":"https:\/\/polifactory.test.polimi.it\/","name":"Polifactory","description":"Il makerspace-fablab del Politecnico di Milano","publisher":{"@id":"https:\/\/polifactory.test.polimi.it\/#organization"},"potentialAction":[{"@type":"SearchAction","target":{"@type":"EntryPoint","urlTemplate":"https:\/\/polifactory.test.polimi.it\/?s={search_term_string}"},"query-input":{"@type":"PropertyValueSpecification","valueRequired":true,"valueName":"search_term_string"}}],"inLanguage":"en-US"},{"@type":"Organization","@id":"https:\/\/polifactory.test.polimi.it\/#organization","name":"Polifactory","url":"https:\/\/polifactory.test.polimi.it\/","logo":{"@type":"ImageObject","inLanguage":"en-US","@id":"https:\/\/polifactory.test.polimi.it\/#\/schema\/logo\/image\/","url":"https:\/\/polifactory.test.polimi.it\/wp-content\/uploads\/2025\/02\/Logo_Black_White.png","contentUrl":"https:\/\/polifactory.test.polimi.it\/wp-content\/uploads\/2025\/02\/Logo_Black_White.png","width":600,"height":600,"caption":"Polifactory"},"image":{"@id":"https:\/\/polifactory.test.polimi.it\/#\/schema\/logo\/image\/"},"sameAs":["https:\/\/www.facebook.com\/polifactory","https:\/\/www.linkedin.com\/company\/polifactory-polimi\/","https:\/\/www.instagram.com\/polifactorypolimi\/"]}]}</script>
<!-- / Yoast SEO plugin. -->

Stefan Lechner, dopo aver conseguito la Laurea triennale in Austria, Frequenta il corso di Laurea Magistrale in Design del Prodotto per l’Innovazione al Politecnico di Milano. La vivacità del design...
