{"id":1327,"date":"2016-07-05T08:31:44","date_gmt":"2016-07-05T08:31:44","guid":{"rendered":"http:\/\/polifactory.test.polimi.it\/?post_type=communitypolifactory&#038;p=1327"},"modified":"2025-03-13T16:22:29","modified_gmt":"2025-03-13T16:22:29","slug":"marta-andreoni","status":"publish","type":"community","link":"https:\/\/polifactory.test.polimi.it\/en\/community\/marta-andreoni\/","title":{"rendered":"Marta Andreoni"},"content":{"rendered":"<p>Nata e cresciuta vicino Firenze, vive a Milano da cinque anni, nei quali ha conseguito nel 2014 la Laurea triennale in Design del Prodotto Industriale, presso il Politecnico di Milano. Adesso continua gli studi nello stesso ateneo, frequentando il corso di Laurea magistrale in Design del Prodotto per l&#8217;Innovazione. La sua idea di design \u00e8\u00a0l&#8217;insieme di tante esperienze: gli studi umanistici del Liceo, principalmente arte e letteratura, la cultura di Firenze, legata all&#8217;artigianato, e il dinamismo di Milano.<\/p>\n<p><strong>Olive Fly Finder. Sistema di monitoraggio bioacustico della mosca olearia.<\/strong><\/p>\n<p><span style=\"font-weight: 400;\">Questo lavoro nasce da una riflessione sul suono e sulle tecnologie che si sviluppano intorno al riconoscimento del segnale audio. Questo campo di ricerca punta a riprodurre il funzionamento dell\u2019apparato uditivo umano, in particolare la capacit\u00e0 di distinguere diversi suoni da un flusso acustico continuo. Negli anni questa tecnologia \u00e8 stata applicata in modo diverso in molti aspetti della quotidianit\u00e0 della persona, incentrando le sue potenzialit\u00e0 sul riconoscimento vocale. L\u2019universo sonoro non comprende solo suoni prodotti dall\u2019uomo, ma appartenenti anche al mondo geofisico e bioacustico. Proprio su quest\u2019ultimo si concentra il progetto: l\u2019obiettivo \u00e8 quello di sfruttare il riconoscimento sonoro per controllare e monitorare la presenza di una particolare specie di insetti in campo agricolo, inserendola nel mondo dell\u2019agricoltura di precisione.<\/span><\/p>\n","protected":false},"featured_media":3376,"template":"","categories":[102],"tags":[],"class_list":{"0":"post-1327","1":"community","2":"type-community","3":"status-publish","4":"has-post-thumbnail","6":"category-talents"},"acf":[],"yoast_head":"<!-- This site is optimized with the Yoast SEO plugin v27.5 - https:\/\/yoast.com\/product\/yoast-seo-wordpress\/ -->\n<title>Marta Andreoni - Polifactory<\/title>\n<meta name=\"robots\" content=\"index, follow, max-snippet:-1, max-image-preview:large, max-video-preview:-1\" \/>\n<link rel=\"canonical\" href=\"https:\/\/polifactory.test.polimi.it\/community\/marta-andreoni\/\" \/>\n<meta property=\"og:locale\" content=\"en_US\" \/>\n<meta property=\"og:type\" content=\"article\" \/>\n<meta property=\"og:title\" content=\"Marta Andreoni - Polifactory\" \/>\n<meta property=\"og:description\" content=\"Nata e cresciuta vicino Firenze, vive a Milano da cinque anni, nei quali ha conseguito nel 2014 la Laurea triennale in Design del Prodotto Industriale, presso il Politecnico di Milano....\" \/>\n<meta property=\"og:url\" content=\"https:\/\/polifactory.test.polimi.it\/community\/marta-andreoni\/\" \/>\n<meta property=\"og:site_name\" content=\"Polifactory\" \/>\n<meta property=\"article:publisher\" content=\"https:\/\/www.facebook.com\/polifactory\" \/>\n<meta property=\"article:modified_time\" content=\"2025-03-13T16:22:29+00:00\" \/>\n<meta property=\"og:image\" content=\"https:\/\/polifactory.test.polimi.it\/wp-content\/uploads\/2017\/09\/martaandreoni-min.jpg\" \/>\n\t<meta property=\"og:image:width\" content=\"300\" \/>\n\t<meta property=\"og:image:height\" content=\"300\" \/>\n\t<meta property=\"og:image:type\" content=\"image\/jpeg\" \/>\n<meta name=\"twitter:card\" content=\"summary_large_image\" \/>\n<meta name=\"twitter:label1\" content=\"Est. reading time\" \/>\n\t<meta name=\"twitter:data1\" content=\"1 minute\" \/>\n<script type=\"application\/ld+json\" class=\"yoast-schema-graph\">{\"@context\":\"https:\\\/\\\/schema.org\",\"@graph\":[{\"@type\":\"WebPage\",\"@id\":\"https:\\\/\\\/polifactory.test.polimi.it\\\/community\\\/marta-andreoni\\\/\",\"url\":\"https:\\\/\\\/polifactory.test.polimi.it\\\/community\\\/marta-andreoni\\\/\",\"name\":\"Marta Andreoni - Polifactory\",\"isPartOf\":{\"@id\":\"https:\\\/\\\/polifactory.test.polimi.it\\\/#website\"},\"primaryImageOfPage\":{\"@id\":\"https:\\\/\\\/polifactory.test.polimi.it\\\/community\\\/marta-andreoni\\\/#primaryimage\"},\"image\":{\"@id\":\"https:\\\/\\\/polifactory.test.polimi.it\\\/community\\\/marta-andreoni\\\/#primaryimage\"},\"thumbnailUrl\":\"https:\\\/\\\/polifactory.test.polimi.it\\\/wp-content\\\/uploads\\\/2017\\\/09\\\/martaandreoni-min.jpg\",\"datePublished\":\"2016-07-05T08:31:44+00:00\",\"dateModified\":\"2025-03-13T16:22:29+00:00\",\"inLanguage\":\"en-US\",\"potentialAction\":[{\"@type\":\"ReadAction\",\"target\":[\"https:\\\/\\\/polifactory.test.polimi.it\\\/community\\\/marta-andreoni\\\/\"]}]},{\"@type\":\"ImageObject\",\"inLanguage\":\"en-US\",\"@id\":\"https:\\\/\\\/polifactory.test.polimi.it\\\/community\\\/marta-andreoni\\\/#primaryimage\",\"url\":\"https:\\\/\\\/polifactory.test.polimi.it\\\/wp-content\\\/uploads\\\/2017\\\/09\\\/martaandreoni-min.jpg\",\"contentUrl\":\"https:\\\/\\\/polifactory.test.polimi.it\\\/wp-content\\\/uploads\\\/2017\\\/09\\\/martaandreoni-min.jpg\",\"width\":300,\"height\":300},{\"@type\":\"WebSite\",\"@id\":\"https:\\\/\\\/polifactory.test.polimi.it\\\/#website\",\"url\":\"https:\\\/\\\/polifactory.test.polimi.it\\\/\",\"name\":\"Polifactory\",\"description\":\"Il makerspace-fablab del Politecnico di Milano\",\"publisher\":{\"@id\":\"https:\\\/\\\/polifactory.test.polimi.it\\\/#organization\"},\"potentialAction\":[{\"@type\":\"SearchAction\",\"target\":{\"@type\":\"EntryPoint\",\"urlTemplate\":\"https:\\\/\\\/polifactory.test.polimi.it\\\/?s={search_term_string}\"},\"query-input\":{\"@type\":\"PropertyValueSpecification\",\"valueRequired\":true,\"valueName\":\"search_term_string\"}}],\"inLanguage\":\"en-US\"},{\"@type\":\"Organization\",\"@id\":\"https:\\\/\\\/polifactory.test.polimi.it\\\/#organization\",\"name\":\"Polifactory\",\"url\":\"https:\\\/\\\/polifactory.test.polimi.it\\\/\",\"logo\":{\"@type\":\"ImageObject\",\"inLanguage\":\"en-US\",\"@id\":\"https:\\\/\\\/polifactory.test.polimi.it\\\/#\\\/schema\\\/logo\\\/image\\\/\",\"url\":\"https:\\\/\\\/polifactory.test.polimi.it\\\/wp-content\\\/uploads\\\/2025\\\/02\\\/Logo_Black_White.png\",\"contentUrl\":\"https:\\\/\\\/polifactory.test.polimi.it\\\/wp-content\\\/uploads\\\/2025\\\/02\\\/Logo_Black_White.png\",\"width\":600,\"height\":600,\"caption\":\"Polifactory\"},\"image\":{\"@id\":\"https:\\\/\\\/polifactory.test.polimi.it\\\/#\\\/schema\\\/logo\\\/image\\\/\"},\"sameAs\":[\"https:\\\/\\\/www.facebook.com\\\/polifactory\",\"https:\\\/\\\/www.linkedin.com\\\/company\\\/polifactory-polimi\\\/\",\"https:\\\/\\\/www.instagram.com\\\/polifactorypolimi\\\/\"]}]}<\/script>\n<!-- \/ Yoast SEO plugin. -->","yoast_head_json":{"title":"Marta Andreoni - Polifactory","robots":{"index":"index","follow":"follow","max-snippet":"max-snippet:-1","max-image-preview":"max-image-preview:large","max-video-preview":"max-video-preview:-1"},"canonical":"https:\/\/polifactory.test.polimi.it\/community\/marta-andreoni\/","og_locale":"en_US","og_type":"article","og_title":"Marta Andreoni - Polifactory","og_description":"Nata e cresciuta vicino Firenze, vive a Milano da cinque anni, nei quali ha conseguito nel 2014 la Laurea triennale in Design del Prodotto Industriale, presso il Politecnico di Milano....","og_url":"https:\/\/polifactory.test.polimi.it\/community\/marta-andreoni\/","og_site_name":"Polifactory","article_publisher":"https:\/\/www.facebook.com\/polifactory","article_modified_time":"2025-03-13T16:22:29+00:00","og_image":[{"width":300,"height":300,"url":"https:\/\/polifactory.test.polimi.it\/wp-content\/uploads\/2017\/09\/martaandreoni-min.jpg","type":"image\/jpeg"}],"twitter_card":"summary_large_image","twitter_misc":{"Est. reading time":"1 minute"},"schema":{"@context":"https:\/\/schema.org","@graph":[{"@type":"WebPage","@id":"https:\/\/polifactory.test.polimi.it\/community\/marta-andreoni\/","url":"https:\/\/polifactory.test.polimi.it\/community\/marta-andreoni\/","name":"Marta Andreoni - Polifactory","isPartOf":{"@id":"https:\/\/polifactory.test.polimi.it\/#website"},"primaryImageOfPage":{"@id":"https:\/\/polifactory.test.polimi.it\/community\/marta-andreoni\/#primaryimage"},"image":{"@id":"https:\/\/polifactory.test.polimi.it\/community\/marta-andreoni\/#primaryimage"},"thumbnailUrl":"https:\/\/polifactory.test.polimi.it\/wp-content\/uploads\/2017\/09\/martaandreoni-min.jpg","datePublished":"2016-07-05T08:31:44+00:00","dateModified":"2025-03-13T16:22:29+00:00","inLanguage":"en-US","potentialAction":[{"@type":"ReadAction","target":["https:\/\/polifactory.test.polimi.it\/community\/marta-andreoni\/"]}]},{"@type":"ImageObject","inLanguage":"en-US","@id":"https:\/\/polifactory.test.polimi.it\/community\/marta-andreoni\/#primaryimage","url":"https:\/\/polifactory.test.polimi.it\/wp-content\/uploads\/2017\/09\/martaandreoni-min.jpg","contentUrl":"https:\/\/polifactory.test.polimi.it\/wp-content\/uploads\/2017\/09\/martaandreoni-min.jpg","width":300,"height":300},{"@type":"WebSite","@id":"https:\/\/polifactory.test.polimi.it\/#website","url":"https:\/\/polifactory.test.polimi.it\/","name":"Polifactory","description":"Il makerspace-fablab del Politecnico di Milano","publisher":{"@id":"https:\/\/polifactory.test.polimi.it\/#organization"},"potentialAction":[{"@type":"SearchAction","target":{"@type":"EntryPoint","urlTemplate":"https:\/\/polifactory.test.polimi.it\/?s={search_term_string}"},"query-input":{"@type":"PropertyValueSpecification","valueRequired":true,"valueName":"search_term_string"}}],"inLanguage":"en-US"},{"@type":"Organization","@id":"https:\/\/polifactory.test.polimi.it\/#organization","name":"Polifactory","url":"https:\/\/polifactory.test.polimi.it\/","logo":{"@type":"ImageObject","inLanguage":"en-US","@id":"https:\/\/polifactory.test.polimi.it\/#\/schema\/logo\/image\/","url":"https:\/\/polifactory.test.polimi.it\/wp-content\/uploads\/2025\/02\/Logo_Black_White.png","contentUrl":"https:\/\/polifactory.test.polimi.it\/wp-content\/uploads\/2025\/02\/Logo_Black_White.png","width":600,"height":600,"caption":"Polifactory"},"image":{"@id":"https:\/\/polifactory.test.polimi.it\/#\/schema\/logo\/image\/"},"sameAs":["https:\/\/www.facebook.com\/polifactory","https:\/\/www.linkedin.com\/company\/polifactory-polimi\/","https:\/\/www.instagram.com\/polifactorypolimi\/"]}]}},"_links":{"self":[{"href":"https:\/\/polifactory.test.polimi.it\/en\/wp-json\/wp\/v2\/community\/1327","targetHints":{"allow":["GET"]}}],"collection":[{"href":"https:\/\/polifactory.test.polimi.it\/en\/wp-json\/wp\/v2\/community"}],"about":[{"href":"https:\/\/polifactory.test.polimi.it\/en\/wp-json\/wp\/v2\/types\/community"}],"wp:featuredmedia":[{"embeddable":true,"href":"https:\/\/polifactory.test.polimi.it\/en\/wp-json\/wp\/v2\/media\/3376"}],"wp:attachment":[{"href":"https:\/\/polifactory.test.polimi.it\/en\/wp-json\/wp\/v2\/media?parent=1327"}],"wp:term":[{"taxonomy":"category","embeddable":true,"href":"https:\/\/polifactory.test.polimi.it\/en\/wp-json\/wp\/v2\/categories?post=1327"},{"taxonomy":"post_tag","embeddable":true,"href":"https:\/\/polifactory.test.polimi.it\/en\/wp-json\/wp\/v2\/tags?post=1327"}],"curies":[{"name":"wp","href":"https:\/\/api.w.org\/{rel}","templated":true}]}}

<p>Nata e cresciuta vicino Firenze, vive a Milano da cinque anni, nei quali ha conseguito nel 2014 la Laurea triennale in Design del Prodotto Industriale, presso il Politecnico di Milano. Adesso continua gli studi nello stesso ateneo, frequentando il corso di Laurea magistrale in Design del Prodotto per l&#8217;Innovazione. La sua idea di design è l&#8217;insieme di tante esperienze: gli studi umanistici del Liceo, principalmente arte e letteratura, la cultura di Firenze, legata all&#8217;artigianato, e il dinamismo di Milano.</p>
<p><strong>Olive Fly Finder. Sistema di monitoraggio bioacustico della mosca olearia.</strong></p>
<p><span style="font-weight: 400;">Questo lavoro nasce da una riflessione sul suono e sulle tecnologie che si sviluppano intorno al riconoscimento del segnale audio. Questo campo di ricerca punta a riprodurre il funzionamento dell’apparato uditivo umano, in particolare la capacità di distinguere diversi suoni da un flusso acustico continuo. Negli anni questa tecnologia è stata applicata in modo diverso in molti aspetti della quotidianità della persona, incentrando le sue potenzialità sul riconoscimento vocale. L’universo sonoro non comprende solo suoni prodotti dall’uomo, ma appartenenti anche al mondo geofisico e bioacustico. Proprio su quest’ultimo si concentra il progetto: l’obiettivo è quello di sfruttare il riconoscimento sonoro per controllare e monitorare la presenza di una particolare specie di insetti in campo agricolo, inserendola nel mondo dell’agricoltura di precisione.</span></p>
